000
CDUS44 KLIX 220701
CLINEW


CLIMATE REPORT
NATIONAL WEATHER SERVICE NEW ORLEANS
NATIONAL WEATHER SERVICE NEW ORL
201 AM CDT SUN APR 22 2018


...................................

...THE NEW ORLEANS CLIMATE SUMMARY FOR APRIL 21 2018...

CLIMATE NORMAL PERIOD 1981 TO 2010
CLIMATE RECORD PERIOD 1946 TO 2018


WEATHER ITEM   OBSERVED TIME   RECORD YEAR NORMAL DEPARTURE LAST
                VALUE   (LST)  VALUE       VALUE  FROM      YEAR
                                                  NORMAL
..................................................................
TEMPERATURE (F)
 YESTERDAY
  MAXIMUM         79    151 PM  92    1987  79      0       83
  MINIMUM         54   1219 AM  46    1953  61     -7       67
                                      1950
  AVERAGE         67                        70     -3       75

PRECIPITATION (IN)
  YESTERDAY        0.00          1.72 1977   0.16  -0.16     0.00
  MONTH TO DATE    5.45                      3.20   2.25     2.50
  SINCE MAR 1      8.45                      7.75   0.70     5.38
  SINCE JAN 1     16.09                     18.20  -2.11    13.02

SNOWFALL (IN)
  YESTERDAY        0.0
  MONTH TO DATE    0.0
  SINCE MAR 1      0.0
  SINCE JUL 1      T
  SNOW DEPTH       0

DEGREE DAYS
 HEATING
  YESTERDAY        0                         1     -1        0
  MONTH TO DATE   32                        31      1        7
  SINCE MAR 1    120                       167    -47       66
  SINCE JUL 1   1119                      1276   -157      627

 COOLING
  YESTERDAY        2                         6     -4       10
  MONTH TO DATE   55                        94    -39      138
  SINCE MAR 1    163                       157      6      277
  SINCE JAN 1    312                       194    118      397
..................................................................


WIND (MPH)
  HIGHEST WIND SPEED    18   HIGHEST WIND DIRECTION    SE (120)
  HIGHEST GUST SPEED    23   HIGHEST GUST DIRECTION    SE (130)
  AVERAGE WIND SPEED     9.7


SKY COVER
  POSSIBLE SUNSHINE  MM
  AVERAGE SKY COVER 0.7


WEATHER CONDITIONS
 THE FOLLOWING WEATHER WAS RECORDED YESTERDAY.
  NO SIGNIFICANT WEATHER WAS OBSERVED.


RELATIVE HUMIDITY (PERCENT)
 HIGHEST    86          1200 AM
 LOWEST     50           100 PM
 AVERAGE    68

..........................................................


THE NEW ORLEANS CLIMATE NORMALS FOR TODAY
                         NORMAL    RECORD    YEAR
 MAXIMUM TEMPERATURE (F)   80        89      1955
 MINIMUM TEMPERATURE (F)   62        46      1993


SUNRISE AND SUNSET
APRIL 22 2018.........SUNRISE   627 AM CDT   SUNSET   733 PM CDT
APRIL 23 2018.........SUNRISE   626 AM CDT   SUNSET   733 PM CDT


-  INDICATES NEGATIVE NUMBERS.
R  INDICATES RECORD WAS SET OR TIED.
MM INDICATES DATA IS MISSING.
T  INDICATES TRACE AMOUNT.




$$
