000
CDUS41 KOKX 190704
CLINYC


CLIMATE REPORT
NATIONAL WEATHER SERVICE NEW YORK NY
304 AM EDT THU APR 19 2018


...................................

...THE CENTRAL PARK NY CLIMATE SUMMARY FOR APRIL 18 2018...

CLIMATE NORMAL PERIOD 1981 TO 2010
CLIMATE RECORD PERIOD 1869 TO 2018


WEATHER ITEM   OBSERVED TIME   RECORD YEAR NORMAL DEPARTURE LAST
                VALUE   (LST)  VALUE       VALUE  FROM      YEAR
                                                  NORMAL
..................................................................
TEMPERATURE (F)
 YESTERDAY
  MAXIMUM         55    359 PM  96    1976  62     -7       65
  MINIMUM         37    204 AM  25    1875  46     -9       47
  AVERAGE         46                        54     -8       56

PRECIPITATION (IN)
  YESTERDAY        0.00          2.19 1924   0.14  -0.14     0.00
  MONTH TO DATE    4.30                      2.81   1.49     1.96
  SINCE MAR 1      9.47                      7.17   2.30     7.21
  SINCE JAN 1     17.48                     13.91   3.57    14.52

SNOWFALL (IN)
  YESTERDAY        0.0           3.0  1887   0.0    0.0      0.0
  MONTH TO DATE    5.5                       0.5    5.0      0.0
  SINCE OCT 1     40.9                      25.7   15.2     30.2
  SINCE JUL 1     40.9                      25.7   15.2     30.2
  SNOW DEPTH       0

DEGREE DAYS
 HEATING
  YESTERDAY       19                        11      8        9
  MONTH TO DATE  328                       257     71      166
  SINCE MAR 1   1093                       957    136      959
  SINCE JUL 1   4339                      4479   -140     3942

 COOLING
  YESTERDAY        0                         0      0        0
  MONTH TO DATE    6                         0      6       17
  SINCE MAR 1      6                         1      5       17
  SINCE JAN 1      8                         1      7       17
..................................................................


WIND (MPH)
  HIGHEST WIND SPEED    18   HIGHEST WIND DIRECTION     W (250)
  HIGHEST GUST SPEED    27   HIGHEST GUST DIRECTION     W (250)
  AVERAGE WIND SPEED     6.4


SKY COVER
  AVERAGE SKY COVER 0.5


WEATHER CONDITIONS
 THE FOLLOWING WEATHER WAS RECORDED YESTERDAY.
  NO SIGNIFICANT WEATHER WAS OBSERVED.


RELATIVE HUMIDITY (PERCENT)
 HIGHEST    64           200 AM
 LOWEST     35           400 PM
 AVERAGE    50

..........................................................


THE CENTRAL PARK NY CLIMATE NORMALS FOR TODAY
                         NORMAL    RECORD    YEAR
 MAXIMUM TEMPERATURE (F)   63        92      1976
 MINIMUM TEMPERATURE (F)   46        21      1875


SUNRISE AND SUNSET
APRIL 19 2018.........SUNRISE   611 AM EDT   SUNSET   740 PM EDT
APRIL 20 2018.........SUNRISE   610 AM EDT   SUNSET   741 PM EDT


-  INDICATES NEGATIVE NUMBERS.
R  INDICATES RECORD WAS SET OR TIED.
MM INDICATES DATA IS MISSING.
T  INDICATES TRACE AMOUNT.




$$
