000
CDUS45 KPSR 200017 RRA
CLINYL

CLIMATE REPORT
NATIONAL WEATHER SERVICE PHOENIX AZ
516 PM MST THU APR 19 2018


...................................

...THE YUMA AZ CLIMATE SUMMARY FOR APRIL 19 2018...
VALID TODAY AS OF 0500 PM LOCAL TIME.

CLIMATE NORMAL PERIOD 1981 TO 2010
CLIMATE RECORD PERIOD 1876 TO 2018


WEATHER ITEM   OBSERVED TIME   RECORD YEAR NORMAL DEPARTURE LAST
                VALUE   (LST)  VALUE       VALUE  FROM      YEAR
                                                  NORMAL
..................................................................
TEMPERATURE (F)
 TODAY
  MAXIMUM         76    117 PM 106    1980  87    -11       91
  MINIMUM         58    639 AM  40    1933  60     -2       67
  AVERAGE         67                        74     -7       79

PRECIPITATION (IN)
  TODAY            0.00          0.25 1879   0.00   0.00     0.00
  MONTH TO DATE    0.00                      0.12  -0.12     0.00
  SINCE OCT 1      0.25                      2.15  -1.90     2.51
  SINCE JAN 1      0.18                      1.21  -1.03     1.56

DEGREE DAYS
 HEATING
  TODAY            0                         0      0        0
  MONTH TO DATE    0                        12    -12        0
  SINCE MAR 1     47                        62    -15       13
  SINCE JUL 1    406                       685   -279      526

 COOLING
  TODAY            2                         9     -7       14
  MONTH TO DATE  189                       135     54      185
  SINCE MAR 1    302                       252     50      415
  SINCE JAN 1    354                       288     66      456
..................................................................


WIND (MPH)
  HIGHEST WIND SPEED    30   HIGHEST WIND DIRECTION     W (290)
  HIGHEST GUST SPEED    37   HIGHEST GUST DIRECTION     W (290)
  AVERAGE WIND SPEED    13.2


SKY COVER
  AVERAGE SKY COVER 0.2


WEATHER CONDITIONS
 THE FOLLOWING WEATHER WAS RECORDED TODAY.
  HAZE
  SANDSTORM


RELATIVE HUMIDITY (PERCENT)
 HIGHEST    43
 LOWEST     23
 AVERAGE    33

..........................................................


THE YUMA AZ CLIMATE NORMALS FOR TOMORROW
                         NORMAL    RECORD    YEAR
 MAXIMUM TEMPERATURE (F)   87       104      1958
 MINIMUM TEMPERATURE (F)   61        45      1972
                                             1933


SUNRISE AND SUNSET
APRIL 19 2018.........SUNRISE   604 AM MST   SUNSET   711 PM MST
APRIL 20 2018.........SUNRISE   603 AM MST   SUNSET   712 PM MST


-  INDICATES NEGATIVE NUMBERS.
R  INDICATES RECORD WAS SET OR TIED.
MM INDICATES DATA IS MISSING.
T  INDICATES TRACE AMOUNT.

$$
