000
CDUS43 KOAX 202143
CLIOAX


CLIMATE REPORT
NATIONAL WEATHER SERVICE OMAHA NEBRASKA
441 PM CDT SUN MAY 20 2018


...................................

...THE VALLEY  NWS, NEBRASKA CLIMATE SUMMARY FOR MAY 20 2018...
VALID TODAY AS OF 0400 PM LOCAL TIME.

CLIMATE NORMAL PERIOD 1981 TO 2010
CLIMATE RECORD PERIOD 1997 TO 2018


WEATHER ITEM   OBSERVED TIME   NORMAL DEPARTURE LAST
                VALUE   (LST)  VALUE  FROM      YEAR
                                      NORMAL
......................................................
TEMPERATURE (F)
 TODAY
  MAXIMUM         58    110 AM  74    -16       54
  MINIMUM         54   1001 AM  54      0       45
  AVERAGE         56            64     -8       50

PRECIPITATION (IN)
  TODAY            0.31          0.15   0.16     2.22
  MONTH TO DATE    1.55          2.93  -1.38     7.18
  SINCE MAR 1      5.10          7.96  -2.86    13.57
  SINCE JAN 1      7.28          9.67  -2.39    15.28

SNOWFALL (IN)
  TODAY            0.0                           0.0
  MONTH TO DATE    0.0                            T
  SINCE JUL 1     24.1                          11.8
  SNOW DEPTH       0

DEGREE DAYS
 HEATING
  TODAY            9             4      5       15
  MONTH TO DATE   45           124    -79      100
  SINCE MAR 1   1433          1391     42     1138
  SINCE JUL 1   6110          6222   -112     5015

 COOLING
  TODAY            0             2     -2        0
  MONTH TO DATE   45            28     17       51
  SINCE MAR 1     53            35     18       54
  SINCE JAN 1     53            35     18       54
......................................................


WIND (MPH)
  HIGHEST WIND SPEED    MM   HIGHEST WIND DIRECTION    MM
  HIGHEST GUST SPEED    16   HIGHEST GUST DIRECTION    MM



WEATHER CONDITIONS
 THE FOLLOWING WEATHER WAS RECORDED TODAY.
  NO SIGNIFICANT WEATHER WAS OBSERVED.


..........................................................


THE VALLEY  NWS, NEBRASKA CLIMATE NORMALS FOR TOMORROW
                         NORMAL
 MAXIMUM TEMPERATURE (F)   74
 MINIMUM TEMPERATURE (F)   54


SUNRISE AND SUNSET
MAY 20 2018...........SUNRISE   602 AM CDT   SUNSET   842 PM CDT
MAY 21 2018...........SUNRISE   601 AM CDT   SUNSET   843 PM CDT


-  INDICATES NEGATIVE NUMBERS.
R  INDICATES RECORD WAS SET OR TIED.
MM INDICATES DATA IS MISSING.
T  INDICATES TRACE AMOUNT.




$$
