000
CDUS43 KGID 220632
CLIODX


CLIMATE REPORT
NATIONAL WEATHER SERVICE HASTINGS NE
129 AM CDT SUN APR 22 2018


...................................

...THE ORD NE CLIMATE SUMMARY FOR APRIL 21 2018...

CLIMATE NORMAL PERIOD 1981 TO 2010
CLIMATE RECORD PERIOD 1895 TO 2018


WEATHER ITEM   OBSERVED TIME   NORMAL DEPARTURE LAST
                VALUE   (LST)  VALUE  FROM      YEAR
                                      NORMAL
......................................................
TEMPERATURE (F)
 YESTERDAY
  MAXIMUM         47    412 PM  63    -16       58
  MINIMUM         39    539 AM  38      1       39
  AVERAGE         43            50     -7       49

PRECIPITATION (IN)
  YESTERDAY        0.09          0.10  -0.01     0.00
  MONTH TO DATE    0.91          1.65  -0.74     1.67
  SINCE MAR 1      1.53          3.10  -1.57     3.50
  SINCE JAN 1      2.89          3.91  -1.02     5.44

DEGREE DAYS
 HEATING
  YESTERDAY       22            15      7       16
  MONTH TO DATE  611           372    239      264
  SINCE MAR 1   1451          1218    233      993
  SINCE JUL 1   6588          6235    353     5504

 COOLING
  YESTERDAY        0             0      0        0
  MONTH TO DATE    0             0      0        0
  SINCE MAR 1      0             0      0        0
  SINCE JAN 1      0             0      0        0
......................................................


WIND (MPH)
  HIGHEST WIND SPEED    15   HIGHEST WIND DIRECTION    SE (150)
  HIGHEST GUST SPEED    24   HIGHEST GUST DIRECTION    SE (150)
  AVERAGE WIND SPEED     4.8


SKY COVER
  AVERAGE SKY COVER 1.0


WEATHER CONDITIONS
 THE FOLLOWING WEATHER WAS RECORDED YESTERDAY.
  LIGHT RAIN
  FOG


RELATIVE HUMIDITY (PERCENT)
 HIGHEST   100           600 AM
 LOWEST     70          1200 PM
 AVERAGE    85

..........................................................


THE ORD NE CLIMATE NORMALS FOR TODAY
                         NORMAL
 MAXIMUM TEMPERATURE (F)   64
 MINIMUM TEMPERATURE (F)   38


SUNRISE AND SUNSET
APRIL 22 2018.........SUNRISE   645 AM CDT   SUNSET   824 PM CDT
APRIL 23 2018.........SUNRISE   644 AM CDT   SUNSET   825 PM CDT


-  INDICATES NEGATIVE NUMBERS.
R  INDICATES RECORD WAS SET OR TIED.
MM INDICATES DATA IS MISSING.
T  INDICATES TRACE AMOUNT.




$$
