000
CDUS43 KOAX 260636
CLIOFK


CLIMATE REPORT
NATIONAL WEATHER SERVICE OMAHA NEBRASKA
135 AM CDT THU APR 26 2018


...................................

...THE NORFOLK, NEBRASKA CLIMATE SUMMARY FOR APRIL 25 2018...

CLIMATE NORMAL PERIOD 1981 TO 2010
CLIMATE RECORD PERIOD 1888 TO 2018


WEATHER ITEM   OBSERVED TIME   RECORD YEAR NORMAL DEPARTURE LAST
                VALUE   (LST)  VALUE       VALUE  FROM      YEAR
                                                  NORMAL
..................................................................
TEMPERATURE (F)
 YESTERDAY
  MAXIMUM         61    520 PM  93    1981  66     -5       47
  MINIMUM         40    707 AM  25    1934  41     -1       34
  AVERAGE         51                        53     -2       41

PRECIPITATION (IN)
  YESTERDAY        0.07          1.24 1902   0.10  -0.03     0.24
  MONTH TO DATE    1.32                      2.15  -0.83     1.78
  SINCE MAR 1      2.95                      3.92  -0.97     2.99
  SINCE JAN 1      4.67                      5.27  -0.60     5.23

SNOWFALL (IN)
  YESTERDAY        0.0                       0.0    0.0      0.0
  MONTH TO DATE   10.9                       2.4    8.5       T
  SINCE JUL 1     45.2                      30.3   14.9     30.2
  SNOW DEPTH       0

DEGREE DAYS
 HEATING
  YESTERDAY       14                        12      2       24
  MONTH TO DATE  672                       416    256      334
  SINCE MAR 1   1527                      1272    255     1100
  SINCE JUL 1   6727                      6365    362     5555

 COOLING
  YESTERDAY        0                         1     -1        0
  MONTH TO DATE    0                         7     -7        0
  SINCE MAR 1      0                         7     -7        0
  SINCE JAN 1      0                         7     -7        0
..................................................................


WIND (MPH)
  HIGHEST WIND SPEED    17   HIGHEST WIND DIRECTION     N (350)
  HIGHEST GUST SPEED    24   HIGHEST GUST DIRECTION     N (010)
  AVERAGE WIND SPEED     8.4


SKY COVER
  POSSIBLE SUNSHINE  MM
  AVERAGE SKY COVER 0.4


WEATHER CONDITIONS
 THE FOLLOWING WEATHER WAS RECORDED YESTERDAY.
  LIGHT RAIN
  FOG


RELATIVE HUMIDITY (PERCENT)
 HIGHEST    96          1200 AM
 LOWEST     31           600 PM
 AVERAGE    64

..........................................................


THE NORFOLK, NEBRASKA CLIMATE NORMALS FOR TODAY
                         NORMAL    RECORD    YEAR
 MAXIMUM TEMPERATURE (F)   66        94      1981
 MINIMUM TEMPERATURE (F)   42        25      1950
                                             1907


SUNRISE AND SUNSET
APRIL 26 2018.........SUNRISE   633 AM CDT   SUNSET   823 PM CDT
APRIL 27 2018.........SUNRISE   631 AM CDT   SUNSET   824 PM CDT


-  INDICATES NEGATIVE NUMBERS.
R  INDICATES RECORD WAS SET OR TIED.
MM INDICATES DATA IS MISSING.
T  INDICATES TRACE AMOUNT.




$$
