000
CDHW42 PHFO 250235
CLIOGG


CLIMATE REPORT
NATIONAL WEATHER SERVICE HONOLULU HI
435 PM HST THU MAY 24 2018


...................................

...THE KAHULUI HI CLIMATE SUMMARY FOR MAY 24 2018...
VALID TODAY AS OF 0400 PM LOCAL TIME.

CLIMATE NORMAL PERIOD 1981 TO 2010
CLIMATE RECORD PERIOD 1946 TO 2018


WEATHER ITEM   OBSERVED TIME   RECORD YEAR NORMAL DEPARTURE LAST
                VALUE   (LST)  VALUE       VALUE  FROM      YEAR
                                                  NORMAL
..................................................................
TEMPERATURE (F)
 TODAY
  MAXIMUM         MM        MM  90    2013  85     MM       86
                                      1968
                                      1952
  MINIMUM         MM        MM  58    1952  68     MM       70
  AVERAGE         MM                        76     MM       78

PRECIPITATION (IN)
  TODAY           MM             0.20 1984   0.02  MM        0.00
  MONTH TO DATE    1.19                      0.65   0.54     0.08
  SINCE MAR 1      7.85                      4.65   3.20    11.99
  SINCE JAN 1     13.70                      9.41   4.29    14.47

SNOWFALL (IN)
  TODAY           MM
  MONTH TO DATE    0.0
  SINCE MAR 1      0.0
  SINCE JUL 1      0.0
  SNOW DEPTH      MM

DEGREE DAYS
 HEATING
  TODAY           MM                         0     MM        0
  MONTH TO DATE    0                         0      0        0
  SINCE MAR 1      0                         0      0        0
  SINCE JUL 1      0                         0      0        0

 COOLING
  TODAY           MM                        11     MM       13
  MONTH TO DATE  225                       251    -26      283
  SINCE MAR 1    769                       768      1      816
  SINCE JAN 1   1214                      1177     37     1287
..................................................................


WIND (MPH)
  HIGHEST WIND SPEED    MM   HIGHEST WIND DIRECTION    MM
  HIGHEST GUST SPEED    MM   HIGHEST GUST DIRECTION    MM
  AVERAGE WIND SPEED    MM


SKY COVER
  POSSIBLE SUNSHINE  MM
  AVERAGE SKY COVER  MM


WEATHER CONDITIONS
 THE FOLLOWING WEATHER WAS RECORDED TODAY.
  NO SIGNIFICANT WEATHER WAS OBSERVED.


RELATIVE HUMIDITY (PERCENT)
 HIGHEST    MM
 LOWEST     MM
 AVERAGE    MM

..........................................................


THE KAHULUI HI CLIMATE NORMALS FOR TOMORROW
                         NORMAL    RECORD    YEAR
 MAXIMUM TEMPERATURE (F)   85        91      1996
 MINIMUM TEMPERATURE (F)   68        59      2000


SUNRISE AND SUNSET
MAY 24 2018...........SUNRISE   545 AM HST   SUNSET   700 PM HST
MAY 25 2018...........SUNRISE   545 AM HST   SUNSET   701 PM HST


-  INDICATES NEGATIVE NUMBERS.
R  INDICATES RECORD WAS SET OR TIED.
MM INDICATES DATA IS MISSING.
T  INDICATES TRACE AMOUNT.




$$
