000
CDUS46 KOTX 210833
CLIOMK


CLIMATE REPORT
NATIONAL WEATHER SERVICE SPOKANE, WA
131 AM PDT SAT APR 21 2018


...................................

...THE OMAK WA AIRPORT CLIMATE SUMMARY FOR APRIL 20 2018...

CLIMATE NORMAL PERIOD 1981 TO 2010
CLIMATE RECORD PERIOD 9999 TO 9999


WEATHER ITEM   OBSERVED TIME   RECORD YEAR NORMAL DEPARTURE LAST
                VALUE   (LST)  VALUE       VALUE  FROM      YEAR
                                                  NORMAL
..................................................................
TEMPERATURE (F)
 YESTERDAY
  MAXIMUM         69    329 PM  89    1934  65      4       62
  MINIMUM         39    448 AM  18    1951  37      2       41
  AVERAGE         54                        51      3       52

PRECIPITATION (IN)
  YESTERDAY        0.00                      0.03  -0.03     0.18
  MONTH TO DATE    2.01                      0.67   1.34     2.64
  SINCE OCT 1     11.76                     10.05   1.71    15.06
  SINCE JAN 1      8.38                      5.16   3.22     8.58

DEGREE DAYS
 HEATING
  YESTERDAY       11                        14     -3       13
  MONTH TO DATE  359                       321     38      354
  SINCE MAR 1   1101                      1050     51     1121
  SINCE JUL 1   5822                      5911    -89     6056

 COOLING
  YESTERDAY        0                         0      0        0
  MONTH TO DATE    0                         0      0        0
  SINCE MAR 1      0                         0      0        0
  SINCE JAN 1      0                         0      0        0
..................................................................


WIND (MPH)
  HIGHEST WIND SPEED    20   HIGHEST WIND DIRECTION    SE (150)
  HIGHEST GUST SPEED    26   HIGHEST GUST DIRECTION     S (170)
  AVERAGE WIND SPEED     7.5


SKY COVER
  POSSIBLE SUNSHINE  MM
  AVERAGE SKY COVER 0.3


WEATHER CONDITIONS
 THE FOLLOWING WEATHER WAS RECORDED YESTERDAY.
  HAZE


RELATIVE HUMIDITY (PERCENT)
 HIGHEST    85           500 AM
 LOWEST     28           300 PM
 AVERAGE    57

..........................................................


THE OMAK WA AIRPORT CLIMATE NORMALS FOR TODAY
                         NORMAL    RECORD    YEAR
 MAXIMUM TEMPERATURE (F)   65        92      1934
 MINIMUM TEMPERATURE (F)   37        22      2008


SUNRISE AND SUNSET
APRIL 21 2018.........SUNRISE   556 AM PDT   SUNSET   758 PM PDT
APRIL 22 2018.........SUNRISE   554 AM PDT   SUNSET   800 PM PDT


-  INDICATES NEGATIVE NUMBERS.
R  INDICATES RECORD WAS SET OR TIED.
MM INDICATES DATA IS MISSING.
T  INDICATES TRACE AMOUNT.




$$
