000
CDUS41 KAKQ 250531
CLIORF


CLIMATE REPORT
NATIONAL WEATHER SERVICE WAKEFIELD, VA
130 AM EDT WED APR 25 2018


...................................

...THE NORFOLK VA CLIMATE SUMMARY FOR APRIL 24 2018...

CLIMATE NORMAL PERIOD 1981 TO 2010
CLIMATE RECORD PERIOD 1871 TO 2018


WEATHER ITEM   OBSERVED TIME   RECORD YEAR NORMAL DEPARTURE LAST
                VALUE   (LST)  VALUE       VALUE  FROM      YEAR
                                                  NORMAL
..................................................................
TEMPERATURE (F)
 YESTERDAY
  MAXIMUM         62   1113 PM  95    1960  70     -8       62
  MINIMUM         57   1257 AM  40    1951  51      6       56
                                      1931
                                      1930
  AVERAGE         60                        61     -1       59

PRECIPITATION (IN)
  YESTERDAY        0.55          1.62 1983   0.11   0.44     0.05
  MONTH TO DATE    2.36                      2.74  -0.38     1.92
  SINCE MAR 1      6.24                      6.42  -0.18     6.53
  SINCE JAN 1     11.48                     12.94  -1.46    11.60

SNOWFALL (IN)
  YESTERDAY        0.0           0.0  2002   0.0    0.0
  MONTH TO DATE    0.0                       0.0    0.0
  SINCE NOV 1     15.1                       5.8    9.3
  SINCE JUL 1     15.1                       5.8    9.3
  SNOW DEPTH       0

DEGREE DAYS
 HEATING
  YESTERDAY        5                         6     -1        6
  MONTH TO DATE  219                       207     12       94
  SINCE MAR 1    805                       699    106      566
  SINCE JUL 1   3159                      3268   -109     2618

 COOLING
  YESTERDAY        0                         2     -2        0
  MONTH TO DATE   21                        28     -7       78
  SINCE MAR 1     28                        34     -6       94
  SINCE JAN 1     43                        35      8       97
..................................................................


WIND (MPH)
  HIGHEST WIND SPEED    21   HIGHEST WIND DIRECTION    SE (130)
  HIGHEST GUST SPEED    33   HIGHEST GUST DIRECTION    SE (120)
  AVERAGE WIND SPEED    12.6


SKY COVER
  POSSIBLE SUNSHINE  MM
  AVERAGE SKY COVER 0.9


WEATHER CONDITIONS
 THE FOLLOWING WEATHER WAS RECORDED YESTERDAY.
  RAIN
  LIGHT RAIN
  FOG


RELATIVE HUMIDITY (PERCENT)
 HIGHEST    97          1100 PM
 LOWEST     67          1200 AM
 AVERAGE    82

..........................................................


THE NORFOLK VA CLIMATE NORMALS FOR TODAY
                         NORMAL    RECORD    YEAR
 MAXIMUM TEMPERATURE (F)   70        96      1960
 MINIMUM TEMPERATURE (F)   52        38      1919


SUNRISE AND SUNSET
APRIL 25 2018.........SUNRISE   618 AM EDT   SUNSET   748 PM EDT
APRIL 26 2018.........SUNRISE   616 AM EDT   SUNSET   749 PM EDT


-  INDICATES NEGATIVE NUMBERS.
R  INDICATES RECORD WAS SET OR TIED.
MM INDICATES DATA IS MISSING.
T  INDICATES TRACE AMOUNT.




$$
