887
CDUS43 KPAH 262127
CLIPAH


CLIMATE REPORT
NATIONAL WEATHER SERVICE PADUCAH KY
425 PM CDT THU APR 26 2018

...................................

...THE PADUCAH KY CLIMATE SUMMARY FOR APRIL 26 2018...
VALID TODAY AS OF 0400 PM LOCAL TIME.

CLIMATE NORMAL PERIOD 1981 TO 2010
CLIMATE RECORD PERIOD 1937 TO 2018

WEATHER ITEM   OBSERVED TIME   RECORD YEAR NORMAL DEPARTURE LAST
                VALUE   (LST)  VALUE       VALUE  FROM      YEAR
                                                  NORMAL
..................................................................
TEMPERATURE (F)
 TODAY
  MAXIMUM         67    258 PM  88    1989  73     -6       81
  MINIMUM         54    640 AM  35    1988  50      4       58
  AVERAGE         61                        61      0       70

PRECIPITATION (IN)
  TODAY            0.01          1.53 2017   0.18  -0.17     1.53
  MONTH TO DATE    6.73                      4.08   2.65     4.81
  SINCE MAR 1     10.69                      8.01   2.68     9.20
  SINCE JAN 1     23.24                     15.60   7.64    14.03

SNOWFALL (IN)
  TODAY            0.0                                       0.0
  MONTH TO DATE    1.0                                       0.0
  SINCE JUL 1     13.7                                       1.2
  SNOW DEPTH       0
..................................................................

WIND (MPH)
  HIGHEST WIND SPEED    14   HIGHEST WIND DIRECTION    NE (40)
  HIGHEST GUST SPEED    17   HIGHEST GUST DIRECTION    NE (30)

RELATIVE HUMIDITY (PERCENT)
 HIGHEST    93
 LOWEST     45
..........................................................

THE PADUCAH KY CLIMATE NORMALS FOR TOMORROW
                         NORMAL    RECORD    YEAR
 MAXIMUM TEMPERATURE (F)   73        89      1989
 MINIMUM TEMPERATURE (F)   50        36      1946

SUNRISE AND SUNSET
APRIL 26 2018.........SUNRISE   606 AM CDT   SUNSET   740 PM CDT
APRIL 27 2018.........SUNRISE   605 AM CDT   SUNSET   741 PM CDT

-  INDICATES NEGATIVE NUMBERS.
R  INDICATES RECORD WAS SET OR TIED.
MM INDICATES DATA IS MISSING.
T  INDICATES TRACE AMOUNT.

$$
