000
CDUS41 KPBZ 270701
CLIPHD


CLIMATE REPORT
NATIONAL WEATHER SERVICE PITTSBURGH PA
300 AM EDT FRI APR 27 2018


...................................

...THE NEW PHILADELPHIA OH CLIMATE SUMMARY FOR APRIL 26 2018...

CLIMATE NORMAL PERIOD 1981 TO 2010
CLIMATE RECORD PERIOD 1948 TO 2018


WEATHER ITEM   OBSERVED TIME   RECORD YEAR NORMAL DEPARTURE LAST
                VALUE   (LST)  VALUE       VALUE  FROM      YEAR
                                                  NORMAL
..................................................................
TEMPERATURE (F)
 YESTERDAY
  MAXIMUM         62    510 PM  87    1990  67     -5       82
  MINIMUM         33            27    1972  42     -9       49
  AVERAGE         48                        54     -6       66

PRECIPITATION (IN)
  YESTERDAY        0.00          1.17 1993   0.13  -0.13     0.00
  MONTH TO DATE    4.86                      2.91   1.95     3.06
  SINCE JUN 1     35.26                     34.21   1.05    34.31
  SINCE JAN 1     14.74                     10.91   3.83    13.73

DEGREE DAYS
 HEATING
  YESTERDAY       17                        11      6        0
  MONTH TO DATE  507                       388    119      256
  SINCE MAR 1   1407                      1167    240     1009
  SINCE JUL 1   5497                      5374    123     4506

 COOLING
  YESTERDAY        0                         0      0        1
  MONTH TO DATE    8                         0      8       17
  SINCE MAR 1      8                         1      7       17
  SINCE JAN 1     13                         1     12       17
..................................................................


WIND (MPH)
  HIGHEST WIND SPEED    10   HIGHEST WIND DIRECTION     N (340)
  HIGHEST GUST SPEED    14   HIGHEST GUST DIRECTION     N (350)
  AVERAGE WIND SPEED     2.3


SKY COVER
  POSSIBLE SUNSHINE  MM
  AVERAGE SKY COVER 0.1


WEATHER CONDITIONS
 THE FOLLOWING WEATHER WAS RECORDED YESTERDAY.
  FOG
  FOG W/VISIBILITY <= 1/4 MILE


RELATIVE HUMIDITY (PERCENT)
 HIGHEST    96           500 AM
 LOWEST     36           400 PM
 AVERAGE    66

..........................................................


THE NEW PHILADELPHIA OH CLIMATE NORMALS FOR TODAY
                         NORMAL    RECORD    YEAR
 MAXIMUM TEMPERATURE (F)   67        87      2009
 MINIMUM TEMPERATURE (F)   42        25      1971


SUNRISE AND SUNSET
APRIL 27 2018.........SUNRISE   630 AM EDT   SUNSET   817 PM EDT
APRIL 28 2018.........SUNRISE   629 AM EDT   SUNSET   818 PM EDT


-  INDICATES NEGATIVE NUMBERS.
R  INDICATES RECORD WAS SET OR TIED.
MM INDICATES DATA IS MISSING.
T  INDICATES TRACE AMOUNT.




$$
