000
CDUS41 KPHI 262129
CLIPHL


CLIMATE REPORT
NATIONAL WEATHER SERVICE MOUNT HOLLY NJ
527 PM EDT SAT MAY 26 2018


...................................

...THE PHILADELPHIA PA CLIMATE SUMMARY FOR MAY 26 2018...
VALID TODAY AS OF 0500 PM LOCAL TIME.

CLIMATE NORMAL PERIOD 1981 TO 2010
CLIMATE RECORD PERIOD 1872 TO 2018


WEATHER ITEM   OBSERVED TIME   RECORD YEAR NORMAL DEPARTURE LAST
                VALUE   (LST)  VALUE       VALUE  FROM      YEAR
                                                  NORMAL
..................................................................
TEMPERATURE (F)
 TODAY
  MAXIMUM         89    223 PM  96    1880  77     12       76
  MINIMUM         69    502 AM  43    1961  57     12       58
  AVERAGE         79                        67     12       67

PRECIPITATION (IN)
  TODAY            0.05          1.70 2003   0.13  -0.08     0.03
  MONTH TO DATE    4.31                      3.09   1.22     6.12
  SINCE MAR 1     12.99                     10.44   2.55    13.53
  SINCE JAN 1     21.86                     16.12   5.74    17.74

SNOWFALL (IN)
  TODAY            0.0           0.0    MM   0.0    0.0      0.0
  MONTH TO DATE    0.0                       0.0    0.0      0.0
  SINCE MAR 1     15.2                       3.4   11.8      7.0
  SINCE JUL 1     29.8                      22.4    7.4     15.0
  SNOW DEPTH       0

DEGREE DAYS
 HEATING
  TODAY            0                         2     -2        0
  MONTH TO DATE   37                       103    -66      112
  SINCE MAR 1   1237                      1111    126     1015
  SINCE JUL 1   4397                      4593   -196     3841

 COOLING
  TODAY           14                         4     10        2
  MONTH TO DATE  103                        55     48       60
  SINCE MAR 1    111                        68     43      100
  SINCE JAN 1    111                        68     43      100
..................................................................


WIND (MPH)
  HIGHEST WIND SPEED    24   HIGHEST WIND DIRECTION     W (280)
  HIGHEST GUST SPEED    31   HIGHEST GUST DIRECTION     W (280)
  AVERAGE WIND SPEED     7.9


SKY COVER
  POSSIBLE SUNSHINE  MM
  AVERAGE SKY COVER 0.5


WEATHER CONDITIONS
 THE FOLLOWING WEATHER WAS RECORDED TODAY.
  THUNDERSTORM
  HEAVY RAIN
  LIGHT RAIN


RELATIVE HUMIDITY (PERCENT)
 HIGHEST    84           400 AM
 LOWEST     50           200 PM
 AVERAGE    67

..........................................................


THE PHILADELPHIA PA CLIMATE NORMALS FOR TOMORROW
                         NORMAL    RECORD    YEAR
 MAXIMUM TEMPERATURE (F)   77        95      1991
 MINIMUM TEMPERATURE (F)   58        42      1961


SUNRISE AND SUNSET
MAY 26 2018...........SUNRISE   538 AM EDT   SUNSET   819 PM EDT
MAY 27 2018...........SUNRISE   537 AM EDT   SUNSET   820 PM EDT


-  INDICATES NEGATIVE NUMBERS.
R  INDICATES RECORD WAS SET OR TIED.
MM INDICATES DATA IS MISSING.
T  INDICATES TRACE AMOUNT.




$$
