522
CDUS43 KILX 220633
CLIPIA


CLIMATE REPORT
NATIONAL WEATHER SERVICE LINCOLN IL
132 AM CDT SUN APR 22 2018


...................................

...THE PEORIA IL CLIMATE SUMMARY FOR APRIL 21 2018...

CLIMATE NORMAL PERIOD 1981 TO 2010
CLIMATE RECORD PERIOD 1883 TO 2018


WEATHER ITEM   OBSERVED TIME   RECORD YEAR NORMAL DEPARTURE LAST
                VALUE   (LST)  VALUE       VALUE  FROM      YEAR
                                                  NORMAL
..................................................................
TEMPERATURE (F)
 YESTERDAY
  MAXIMUM         63    234 PM  85    1985  65     -2       57
  MINIMUM         44    544 AM  28    1943  44      0       46
  AVERAGE         54                        54      0       52

PRECIPITATION (IN)
  YESTERDAY        0.00          1.64 1973   0.12  -0.12     0.00
  MONTH TO DATE    1.72                      2.48  -0.76     3.25
  SINCE MAR 1      5.44                      5.28   0.16     7.28
  SINCE JAN 1     11.86                      8.85   3.01     9.94

SNOWFALL (IN)
  YESTERDAY        0.0           T    1936   0.0    0.0      0.0
                                      1918
  MONTH TO DATE    2.5                       0.6    1.9      0.0
  SINCE MAR 1     11.8                       3.3    8.5      4.2
  SINCE JUL 1     32.1                      24.6    7.5     13.9
  SNOW DEPTH       0

DEGREE DAYS
 HEATING
  YESTERDAY       11                        11      0       13
  MONTH TO DATE  511                       308    203      166
  SINCE MAR 1   1322                      1064    258      858
  SINCE JUL 1   5682                      5580    102     4465

 COOLING
  YESTERDAY        0                         1     -1        0
  MONTH TO DATE    2                         4     -2       16
  SINCE MAR 1      2                         5     -3       16
  SINCE JAN 1      2                         5     -3       16
..................................................................


WIND (MPH)
  HIGHEST WIND SPEED    23   HIGHEST WIND DIRECTION     E (80)
  HIGHEST GUST SPEED    31   HIGHEST GUST DIRECTION     E (100)
  AVERAGE WIND SPEED    11.4


SKY COVER
  POSSIBLE SUNSHINE  MM
  AVERAGE SKY COVER 0.0


WEATHER CONDITIONS
 THE FOLLOWING WEATHER WAS RECORDED YESTERDAY.
  NO SIGNIFICANT WEATHER WAS OBSERVED.


RELATIVE HUMIDITY (PERCENT)
 HIGHEST    50           900 PM
 LOWEST     25           100 PM
 AVERAGE    38

..........................................................


THE PEORIA IL CLIMATE NORMALS FOR TODAY
                         NORMAL    RECORD    YEAR
 MAXIMUM TEMPERATURE (F)   66        88      1980
 MINIMUM TEMPERATURE (F)   44        25      1986


SUNRISE AND SUNSET
APRIL 22 2018.........SUNRISE   610 AM CDT   SUNSET   745 PM CDT
APRIL 23 2018.........SUNRISE   608 AM CDT   SUNSET   746 PM CDT


-  INDICATES NEGATIVE NUMBERS.
R  INDICATES RECORD WAS SET OR TIED.
MM INDICATES DATA IS MISSING.
T  INDICATES TRACE AMOUNT.




$$
