000
CDUS41 KALY 272048
CLIPOU


CLIMATE REPORT
NATIONAL WEATHER SERVICE ALBANY NY
447 PM EDT SUN MAY 27 2018


...................................

...THE POUGHKEEPSIE NY CLIMATE SUMMARY FOR MAY 27 2018...
VALID TODAY AS OF 0400 PM LOCAL TIME.

CLIMATE NORMAL PERIOD 1981 TO 2010
CLIMATE RECORD PERIOD 1931 TO 2018


WEATHER ITEM   OBSERVED TIME   RECORD YEAR NORMAL DEPARTURE LAST
                VALUE   (LST)  VALUE       VALUE  FROM      YEAR
                                                  NORMAL
..................................................................
TEMPERATURE (F)
 TODAY
  MAXIMUM         70    413 AM  91    1965  74     -4       72
  MINIMUM         59    338 PM  35    1969  50      9       52
                                      1968
  AVERAGE         65                        62      3       62

PRECIPITATION (IN)
  TODAY            0.05          1.55 1946   0.16  -0.11     0.00
  MONTH TO DATE    3.11                      3.79  -0.68     4.09
  SINCE MAR 1      8.91                     11.14  -2.23    11.78
  SINCE JAN 1     16.27                     16.88  -0.61    16.65

DEGREE DAYS
 HEATING
  TODAY            0                         5     -5        3
  MONTH TO DATE   95                       207   -112      245
  SINCE MAR 1   1588                      1575     13     1607
  SINCE JUL 1   5900                      6146   -246     5649

 COOLING
  TODAY            0                         2     -2        0
  MONTH TO DATE   53                        24     29       29
  SINCE MAR 1     53                        29     24       46
  SINCE JAN 1     53                        29     24       46
..................................................................


WIND (MPH)
  HIGHEST WIND SPEED    14   HIGHEST WIND DIRECTION     E (90)
  HIGHEST GUST SPEED    18   HIGHEST GUST DIRECTION     E (90)
  AVERAGE WIND SPEED     5.8


SKY COVER
  AVERAGE SKY COVER 0.7



RELATIVE HUMIDITY (PERCENT)
 HIGHEST    87          1100 AM
 LOWEST     66           400 AM
 AVERAGE    77

..........................................................


THE POUGHKEEPSIE NY CLIMATE NORMALS FOR TOMORROW
                         NORMAL    RECORD    YEAR
 MAXIMUM TEMPERATURE (F)   75        94      2016
 MINIMUM TEMPERATURE (F)   50        32      1949


SUNRISE AND SUNSET
MAY 27 2018...........SUNRISE   526 AM EDT   SUNSET   819 PM EDT
MAY 28 2018...........SUNRISE   526 AM EDT   SUNSET   820 PM EDT


-  INDICATES NEGATIVE NUMBERS.
R  INDICATES RECORD WAS SET OR TIED.
MM INDICATES DATA IS MISSING.
T  INDICATES TRACE AMOUNT.




$$
