000
CDUS46 KLOX 250105
CLIPRB


CLIMATE REPORT
NATIONAL WEATHER SERVICE LOS ANGELES/OXNARD CA
604 PM PDT TUE APR 24 2018


...................................

...THE PASO ROBLES AIRPORT CA CLIMATE SUMMARY FOR APRIL 24 2018...
VALID TODAY AS OF 0500 PM LOCAL TIME.

CLIMATE NORMAL PERIOD 1981 TO 2010
CLIMATE RECORD PERIOD 1948 TO 2018


WEATHER ITEM   OBSERVED TIME   RECORD YEAR NORMAL DEPARTURE LAST
                VALUE   (LST)  VALUE       VALUE  FROM      YEAR
                                                  NORMAL
..................................................................
TEMPERATURE (F)
 TODAY
  MAXIMUM         MM        MM  90    1966  75     MM       74
  MINIMUM         MM        MM  32    1961  42     MM       48
  AVERAGE         MM                        59     MM       61

PRECIPITATION (IN)
  TODAY            0.00          0.19 1967   0.02  -0.02     0.00
  MONTH TO DATE    0.20                      0.59  -0.39     0.95
  SINCE OCT 1      9.62                     12.08  -2.46    15.96
  SINCE JAN 1      9.35                      8.42   0.93    12.28

SNOWFALL (IN)
  TODAY            0.0
  MONTH TO DATE    0.0
  SINCE MAR 1      0.0
  SINCE JUL 1      0.0

DEGREE DAYS
 HEATING
  TODAY           MM                         7     MM        4
  MONTH TO DATE  140                       216    -76      157
  SINCE MAR 1    496                       582    -86      441
  SINCE JUL 1   2197                      2675   -478     2242

 COOLING
  TODAY           MM                         0     MM        0
  MONTH TO DATE    4                         0      4        0
  SINCE MAR 1      4                         0      4        0
  SINCE JAN 1      4                         0      4        0
..................................................................


WIND (MPH)
  HIGHEST WIND SPEED    15   HIGHEST WIND DIRECTION     S (200)
  HIGHEST GUST SPEED    MM   HIGHEST GUST DIRECTION    MM
  AVERAGE WIND SPEED     5.8


SKY COVER
  POSSIBLE SUNSHINE  MM
  AVERAGE SKY COVER 0.4


WEATHER CONDITIONS
 THE FOLLOWING WEATHER WAS RECORDED TODAY.
  FOG
  FOG W/VISIBILITY <= 1/4 MILE


RELATIVE HUMIDITY (PERCENT)
 HIGHEST   100           300 AM
 LOWEST     28           100 PM
 AVERAGE    64

..........................................................


THE PASO ROBLES AIRPORT CA CLIMATE NORMALS FOR TOMORROW
                         NORMAL    RECORD    YEAR
 MAXIMUM TEMPERATURE (F)   75        94      2004
 MINIMUM TEMPERATURE (F)   42        31      1971


SUNRISE AND SUNSET
APRIL 24 2018.........SUNRISE   618 AM PDT   SUNSET   743 PM PDT
APRIL 25 2018.........SUNRISE   617 AM PDT   SUNSET   744 PM PDT


-  INDICATES NEGATIVE NUMBERS.
R  INDICATES RECORD WAS SET OR TIED.
MM INDICATES DATA IS MISSING.
T  INDICATES TRACE AMOUNT.




$$
