000
CDUS45 KPUB 261039
CLIPUB


CLIMATE REPORT
NATIONAL WEATHER SERVICE PUEBLO
439 AM MDT THU APR 26 2018


...................................

...THE PUEBLO CO CLIMATE SUMMARY FOR APRIL 25 2018...

CLIMATE NORMAL PERIOD 1981 TO 2010
CLIMATE RECORD PERIOD 1888 TO 2018


WEATHER ITEM   OBSERVED TIME   RECORD YEAR NORMAL DEPARTURE LAST
                VALUE   (LST)  VALUE       VALUE  FROM      YEAR
                                                  NORMAL
..................................................................
TEMPERATURE (F)
 YESTERDAY
  MAXIMUM         67    419 PM  88    2012  70     -3       56
                                      1981
                                      1949
  MINIMUM         33    537 AM  22    1950  37     -4       42
  AVERAGE         50                        54     -4       49

PRECIPITATION (IN)
  YESTERDAY        0.00          0.68 1890   0.06  -0.06     0.38
  MONTH TO DATE    0.49                      1.13  -0.64     2.72
  SINCE MAR 1      0.55                      2.06  -1.51     3.67
  SINCE JAN 1      1.36                      2.71  -1.35     4.59

SNOWFALL (IN)
  YESTERDAY        0.0           4.0  1891   0.1   -0.1      0.0
  MONTH TO DATE    T                         3.4   -3.4      5.6
  SINCE MAR 1      T                         9.1   -9.1      5.6
  SINCE JUL 1     13.7                      30.9  -17.2     19.8
  SNOW DEPTH       0

DEGREE DAYS
 HEATING
  YESTERDAY       15                        12      3       16
  MONTH TO DATE  382                       383     -1      271
  SINCE MAR 1    980                      1085   -105      747
  SINCE JUL 1   4796                      5388   -592     4247

 COOLING
  YESTERDAY        0                         0      0        0
  MONTH TO DATE    0                         0      0        0
  SINCE MAR 1      0                         0      0        0
  SINCE JAN 1      0                         0      0        0
..................................................................


WIND (MPH)
  HIGHEST WIND SPEED    14   HIGHEST WIND DIRECTION    SE (130)
  HIGHEST GUST SPEED    20   HIGHEST GUST DIRECTION     E (110)
  AVERAGE WIND SPEED     5.3


SKY COVER
  POSSIBLE SUNSHINE  MM
  AVERAGE SKY COVER 0.3


WEATHER CONDITIONS
 THE FOLLOWING WEATHER WAS RECORDED YESTERDAY.
  FOG


RELATIVE HUMIDITY (PERCENT)
 HIGHEST   100           400 AM
 LOWEST     20           400 PM
 AVERAGE    60

..........................................................


THE PUEBLO CO CLIMATE NORMALS FOR TODAY
                         NORMAL    RECORD    YEAR
 MAXIMUM TEMPERATURE (F)   71        90      1981
 MINIMUM TEMPERATURE (F)   37        25      1924


SUNRISE AND SUNSET
APRIL 26 2018.........SUNRISE   607 AM MDT   SUNSET   745 PM MDT
APRIL 27 2018.........SUNRISE   606 AM MDT   SUNSET   746 PM MDT


-  INDICATES NEGATIVE NUMBERS.
R  INDICATES RECORD WAS SET OR TIED.
MM INDICATES DATA IS MISSING.
T  INDICATES TRACE AMOUNT.




$$
