000
CDUS41 KBOX 250547
CLIPVD


CLIMATE REPORT
NATIONAL WEATHER SERVICE BOSTON/NORTON MA
142 AM EDT WED APR 25 2018


...................................

...THE PROVIDENCE RI CLIMATE SUMMARY FOR APRIL 24 2018...

CLIMATE NORMAL PERIOD 1981 TO 2010
CLIMATE RECORD PERIOD 1904 TO 2018


WEATHER ITEM   OBSERVED TIME   RECORD YEAR NORMAL DEPARTURE LAST
                VALUE   (LST)  VALUE       VALUE  FROM      YEAR
                                                  NORMAL
..................................................................
TEMPERATURE (F)
 YESTERDAY
  MAXIMUM         62    152 PM  78    2011  62      0       59
  MINIMUM         35    517 AM  27    1930  42     -7       39
  AVERAGE         49                        52     -3       49

PRECIPITATION (IN)
  YESTERDAY        0.00          2.73 1983   0.14  -0.14      T
  MONTH TO DATE    3.53                      3.59  -0.06     4.63
  SINCE MAR 1      8.38                      8.60  -0.22     8.48
  SINCE JAN 1     20.32                     15.75   4.57    15.66

SNOWFALL (IN)
  YESTERDAY        0.0           T    1967   0.0    0.0      0.0
  MONTH TO DATE    3.6                       0.6    3.0       T
  SINCE MAR 1     16.7                       6.1   10.6      7.7
  SINCE JUL 1     50.6                      33.8   16.8     45.9
  SNOW DEPTH       0

DEGREE DAYS
 HEATING
  YESTERDAY       16                        13      3       16
  MONTH TO DATE  504                       406     98      346
  SINCE MAR 1   1314                      1215     99     1266
  SINCE JUL 1   4977                      5277   -300     4824

 COOLING
  YESTERDAY        0                         0      0        0
  MONTH TO DATE    0                         0      0        7
  SINCE MAR 1      0                         0      0        7
  SINCE JAN 1      0                         0      0        7
..................................................................


WIND (MPH)
  RESULTANT WIND SPEED   8   RESULTANT WIND DIRECTION   S (160)
  HIGHEST WIND SPEED    23   HIGHEST WIND DIRECTION    SE (150)
  HIGHEST GUST SPEED    29   HIGHEST GUST DIRECTION     S (160)
  AVERAGE WIND SPEED     8.2


SKY COVER
  POSSIBLE SUNSHINE  MM
  AVERAGE SKY COVER 0.6


WEATHER CONDITIONS
 THE FOLLOWING WEATHER WAS RECORDED YESTERDAY.
  NO SIGNIFICANT WEATHER WAS OBSERVED.


RELATIVE HUMIDITY (PERCENT)
 HIGHEST    92           400 AM
 LOWEST     42          1000 AM
 AVERAGE    67

..........................................................


THE PROVIDENCE RI CLIMATE NORMALS FOR TODAY
                         NORMAL    RECORD    YEAR
 MAXIMUM TEMPERATURE (F)   62        83      1982
 MINIMUM TEMPERATURE (F)   43        29      1919


SUNRISE AND SUNSET
APRIL 25 2018.........SUNRISE   551 AM EDT   SUNSET   737 PM EDT
APRIL 26 2018.........SUNRISE   549 AM EDT   SUNSET   739 PM EDT


-  INDICATES NEGATIVE NUMBERS.
R  INDICATES RECORD WAS SET OR TIED.
MM INDICATES DATA IS MISSING.
T  INDICATES TRACE AMOUNT.




$$
