000
CDUS46 KSGX 270022
CLIRAL


CLIMATE REPORT
NATIONAL WEATHER SERVICE SAN DIEGO, CA
521 PM PDT SAT MAY 26 2018


...................................

...THE RIVERSIDE MUNI AIRPORT CA CLIMATE SUMMARY FOR MAY 26 2018...
VALID TODAY AS OF 0500 PM LOCAL TIME.

CLIMATE NORMAL PERIOD 1981 TO 2010
CLIMATE RECORD PERIOD 1893 TO 2018


WEATHER ITEM   OBSERVED TIME   RECORD YEAR NORMAL DEPARTURE LAST
                VALUE   (LST)  VALUE       VALUE  FROM      YEAR
                                                  NORMAL
..................................................................
TEMPERATURE (F)
 TODAY
  MAXIMUM         70    259 PM 101    1968  81    -11       76
  MINIMUM         55    327 AM  37    1953  57     -2       58
  AVERAGE         63                        69     -6       67

PRECIPITATION (IN)
  TODAY            0.00          0.31 1931   0.00   0.00     0.00
  MONTH TO DATE    0.15                      0.30  -0.15     0.02
  SINCE OCT 1      4.23                     11.90  -7.67    13.21
  SINCE JAN 1      4.20                      9.09  -4.89     7.95

DEGREE DAYS
 HEATING
  TODAY            2                         0      2        0
  MONTH TO DATE   35                        22     13       41
  SINCE MAR 1    267                       334    -67      170
  SINCE JUL 1    827                      1442   -615     1134

 COOLING
  TODAY            0                         4     -4        2
  MONTH TO DATE   62                        91    -29      120
  SINCE MAR 1    143                       145     -2      258
  SINCE JAN 1    179                       154     25      258
..................................................................


WIND (MPH)
  RESULTANT WIND SPEED   1   RESULTANT WIND DIRECTION   W (280)
  HIGHEST WIND SPEED    15   HIGHEST WIND DIRECTION     W (270)
  HIGHEST GUST SPEED    20   HIGHEST GUST DIRECTION     W (270)
  AVERAGE WIND SPEED     3.9


SKY COVER
  POSSIBLE SUNSHINE  MM
  AVERAGE SKY COVER 1.0


WEATHER CONDITIONS
 THE FOLLOWING WEATHER WAS RECORDED TODAY.
  NO SIGNIFICANT WEATHER WAS OBSERVED.


RELATIVE HUMIDITY (PERCENT)
 HIGHEST    83           400 AM
 LOWEST     45           100 PM
 AVERAGE    64

..........................................................


THE RIVERSIDE MUNI AIRPORT CA CLIMATE NORMALS FOR TOMORROW
                         NORMAL    RECORD    YEAR
 MAXIMUM TEMPERATURE (F)   81       102      2000
 MINIMUM TEMPERATURE (F)   57        38      1953


SUNRISE AND SUNSET
MAY 26 2018...........SUNRISE   542 AM PDT   SUNSET   752 PM PDT
MAY 27 2018...........SUNRISE   542 AM PDT   SUNSET   753 PM PDT


-  INDICATES NEGATIVE NUMBERS.
R  INDICATES RECORD WAS SET OR TIED.
MM INDICATES DATA IS MISSING.
T  INDICATES TRACE AMOUNT.




$$
