538
CDUS41 KPHI 190554
CLIRDG


CLIMATE REPORT
NATIONAL WEATHER SERVICE MOUNT HOLLY NJ
154 AM EDT THU APR 19 2018


...................................

...THE READING PA CLIMATE SUMMARY FOR APRIL 18 2018...

CLIMATE NORMAL PERIOD 1981 TO 2010
CLIMATE RECORD PERIOD 1869 TO 2018


WEATHER ITEM   OBSERVED TIME   RECORD YEAR NORMAL DEPARTURE LAST
                VALUE   (LST)  VALUE       VALUE  FROM      YEAR
                                                  NORMAL
..................................................................
TEMPERATURE (F)
 YESTERDAY
  MAXIMUM         53    545 PM  96    1976  64    -11       69
  MINIMUM         36    630 AM  31    2001  41     -5       48
                                      1990
  AVERAGE         45                        52     -7       59

PRECIPITATION (IN)
  YESTERDAY        0.00          4.40 1870   0.13  -0.13     0.00
  MONTH TO DATE    2.00                      2.35  -0.35     1.41
  SINCE MAR 1      4.68                      5.83  -1.15     5.43
  SINCE JAN 1     13.46                     11.36   2.10     8.82

DEGREE DAYS
 HEATING
  YESTERDAY       20                        13      7        6
  MONTH TO DATE  354                       280     74      163
  SINCE MAR 1   1178                      1023    155      957
  SINCE JUL 1   4967                      5065    -98     4319

 COOLING
  YESTERDAY        0                         0      0        0
  MONTH TO DATE   10                         0     10        6
  SINCE MAR 1     10                         0     10        6
  SINCE JAN 1     11                         0     11        6
..................................................................


WIND (MPH)
  HIGHEST WIND SPEED    17   HIGHEST WIND DIRECTION     W (290)
  HIGHEST GUST SPEED    24   HIGHEST GUST DIRECTION     W (280)
  AVERAGE WIND SPEED     7.7


SKY COVER
  POSSIBLE SUNSHINE  MM
  AVERAGE SKY COVER 0.6


WEATHER CONDITIONS
 THE FOLLOWING WEATHER WAS RECORDED YESTERDAY.
  NO SIGNIFICANT WEATHER WAS OBSERVED.


RELATIVE HUMIDITY (PERCENT)
 HIGHEST    70           100 AM
 LOWEST     45           400 PM
 AVERAGE    58

..........................................................


THE READING PA CLIMATE NORMALS FOR TODAY
                         NORMAL    RECORD    YEAR
 MAXIMUM TEMPERATURE (F)   64        97      1976
 MINIMUM TEMPERATURE (F)   42        27      2001


SUNRISE AND SUNSET
APRIL 19 2018.........SUNRISE   620 AM EDT   SUNSET   747 PM EDT
APRIL 20 2018.........SUNRISE   618 AM EDT   SUNSET   748 PM EDT


-  INDICATES NEGATIVE NUMBERS.
R  INDICATES RECORD WAS SET OR TIED.
MM INDICATES DATA IS MISSING.
T  INDICATES TRACE AMOUNT.




$$
