000
CDUS42 KRAH 260810
CLIRDU


CLIMATE REPORT
NATIONAL WEATHER SERVICE RALEIGH NC
407 AM EDT THU APR 26 2018


...................................

...THE RALEIGH-DURHAM INTL AIRPORT NC CLIMATE SUMMARY FOR APRIL 25 2018...

CLIMATE NORMAL PERIOD 1981 TO 2010
CLIMATE RECORD PERIOD 1887 TO 2018


WEATHER ITEM   OBSERVED TIME   RECORD YEAR NORMAL DEPARTURE LAST
                VALUE   (LST)  VALUE       VALUE  FROM      YEAR
                                                  NORMAL
..................................................................
TEMPERATURE (F)
 YESTERDAY
  MAXIMUM         68    546 PM  93    1925  75     -7       70
  MINIMUM         51   1153 PM  29    1969  51      0       58
  AVERAGE         60                        63     -3       64

PRECIPITATION (IN)
  YESTERDAY        T             2.31 1937   0.09  -0.09     2.17
  MONTH TO DATE    5.16                      2.48   2.68     8.64
  SINCE MAR 1      9.96                      6.59   3.37    11.77
  SINCE JAN 1     15.58                     13.32   2.26    16.20

SNOWFALL (IN)
  YESTERDAY        0.0           0.0  2002   0.0    0.0      0.0
                                      2001
  MONTH TO DATE    T                         0.1   -0.1      0.0
  SINCE MAR 1      1.6                       0.6    1.0      0.3
  SINCE JUL 1      8.9                       6.1    2.8      0.8
  SNOW DEPTH       0

DEGREE DAYS
 HEATING
  YESTERDAY        5                         5      0        1
  MONTH TO DATE  216                       172     44       74
  SINCE MAR 1    804                       596    208      488
  SINCE JUL 1   3317                      3168    149     2461

 COOLING
  YESTERDAY        0                         2     -2        0
  MONTH TO DATE   14                        37    -23       72
  SINCE MAR 1     17                        48    -31       90
  SINCE JAN 1     39                        49    -10       98
..................................................................


WIND (MPH)
  HIGHEST WIND SPEED    13   HIGHEST WIND DIRECTION    NW (300)
  HIGHEST GUST SPEED    16   HIGHEST GUST DIRECTION     W (290)
  AVERAGE WIND SPEED     3.7


SKY COVER
  POSSIBLE SUNSHINE  MM
  AVERAGE SKY COVER 0.7


WEATHER CONDITIONS
 THE FOLLOWING WEATHER WAS RECORDED YESTERDAY.
  LIGHT RAIN
  FOG


RELATIVE HUMIDITY (PERCENT)
 HIGHEST   100          1200 AM
 LOWEST     68           500 PM
 AVERAGE    84

..........................................................


THE RALEIGH-DURHAM INTL AIRPORT NC CLIMATE NORMALS FOR TODAY
                         NORMAL    RECORD    YEAR
 MAXIMUM TEMPERATURE (F)   75        93      1990
 MINIMUM TEMPERATURE (F)   51        34      1919


SUNRISE AND SUNSET
APRIL 26 2018.........SUNRISE   628 AM EDT   SUNSET   758 PM EDT
APRIL 27 2018.........SUNRISE   627 AM EDT   SUNSET   759 PM EDT


-  INDICATES NEGATIVE NUMBERS.
R  INDICATES RECORD WAS SET OR TIED.
MM INDICATES DATA IS MISSING.
T  INDICATES TRACE AMOUNT.


&&

CLIMATE REPORT NWS FORECAST OFFICE
NCSU CENTENNIAL CAMPUS
RALEIGH, NC

MAXIMUM TEMPERATURE...69

MINIMUM TEMPERATURE...55

PRECIPITATION...Trace


$$
