000
CDUS43 KGRB 220633
CLIRHI


CLIMATE REPORT
NATIONAL WEATHER SERVICE GREEN BAY
133 AM CDT TUE MAY 22 2018


...................................

...THE RHINELANDER WI CLIMATE SUMMARY FOR MAY 21 2018...

CLIMATE NORMAL PERIOD 1981 TO 2010
CLIMATE RECORD PERIOD 1908 TO 2018


WEATHER ITEM   OBSERVED TIME   RECORD YEAR NORMAL DEPARTURE LAST
                VALUE   (LST)  VALUE       VALUE  FROM      YEAR
                                                  NORMAL
..................................................................
TEMPERATURE (F)
 YESTERDAY
  MAXIMUM         71   1117 AM  88    1930  67      4       56
                                      1922
  MINIMUM         35    425 AM  24    2002  42     -7       44
  AVERAGE         53                        54     -1       50

PRECIPITATION (IN)
  YESTERDAY        0.04          1.73 1945   0.12  -0.08     0.06
  MONTH TO DATE    0.50                      2.31  -1.81     5.21
  SINCE MAR 1      4.93                      6.46  -1.53    13.35
  SINCE JAN 1      7.22                      8.50  -1.28    16.71

SNOWFALL (IN)
  YESTERDAY        0.0           0.0    MM  MM     MM        0.0
  MONTH TO DATE    0.0                      MM     MM        0.0
  SINCE MAR 1     44.3                      MM     MM       14.3
  SINCE JUL 1     99.9                      MM     MM       65.8
  SNOW DEPTH       0

DEGREE DAYS
 HEATING
  YESTERDAY       12                        11      1       15
  MONTH TO DATE  149                       291   -142      307
  SINCE MAR 1   2383                      2169    214     2075
  SINCE JUL 1   8958                      8791    167     7586

 COOLING
  YESTERDAY        0                         0      0        0
  MONTH TO DATE    9                         0      9        1
  SINCE MAR 1      9                         1      8        1
  SINCE JAN 1      9                         1      8        1
..................................................................


WIND (MPH)
  HIGHEST WIND SPEED    17   HIGHEST WIND DIRECTION    SE (120)
  HIGHEST GUST SPEED    23   HIGHEST GUST DIRECTION    SE (120)
  AVERAGE WIND SPEED     5.5


SKY COVER
  POSSIBLE SUNSHINE  MM
  AVERAGE SKY COVER 0.4


WEATHER CONDITIONS
 THE FOLLOWING WEATHER WAS RECORDED YESTERDAY.
  LIGHT RAIN


RELATIVE HUMIDITY (PERCENT)
 HIGHEST    93           900 PM
 LOWEST     24           900 AM
 AVERAGE    59

..........................................................


THE RHINELANDER WI CLIMATE NORMALS FOR TODAY
                         NORMAL    RECORD    YEAR
 MAXIMUM TEMPERATURE (F)   67        90      1975
 MINIMUM TEMPERATURE (F)   42        26      2006


SUNRISE AND SUNSET
MAY 22 2018...........SUNRISE   520 AM CDT   SUNSET   830 PM CDT
MAY 23 2018...........SUNRISE   519 AM CDT   SUNSET   831 PM CDT


-  INDICATES NEGATIVE NUMBERS.
R  INDICATES RECORD WAS SET OR TIED.
MM INDICATES DATA IS MISSING.
T  INDICATES TRACE AMOUNT.




$$
