000
CDUS45 KRIW 240040
CLIRKS


CLIMATE REPORT
NATIONAL WEATHER SERVICE RIVERTON WY
637 PM MDT WED MAY 23 2018


...................................

...THE ROCK SPRINGS WY CLIMATE SUMMARY FOR MAY 23 2018...
VALID TODAY AS OF 0500 PM LOCAL TIME.

CLIMATE NORMAL PERIOD 1981 TO 2010
CLIMATE RECORD PERIOD 1948 TO 2018


WEATHER ITEM   OBSERVED TIME   RECORD YEAR NORMAL DEPARTURE LAST
                VALUE   (LST)  VALUE       VALUE  FROM      YEAR
                                                  NORMAL
..................................................................
TEMPERATURE (F)
 TODAY
  MAXIMUM         66        MM  83    1984  66      0       68
  MINIMUM         39        MM  24    1966  40     -1       34
  AVERAGE         53                        53      0       51

PRECIPITATION (IN)
  TODAY            T                         0.04  -0.04     0.00
  MONTH TO DATE    1.10                      0.91   0.19     0.62
  SINCE MAR 1      1.60                      2.50  -0.90     2.60
  SINCE JAN 1      1.79                      3.43  -1.64     3.50

DEGREE DAYS
 HEATING
  TODAY           12                        12      0       14
  MONTH TO DATE  283                       356    -73      342
  SINCE MAR 1   1867                      2036   -169     1796
  SINCE JUL 1   7133                      7888   -755     7534

 COOLING
  TODAY            0                         0      0        0
  MONTH TO DATE    0                         0      0        0
  SINCE MAR 1      0                         0      0        0
  SINCE JAN 1      0                         0      0        0
..................................................................


WIND (MPH)
  HIGHEST WIND SPEED    23   HIGHEST WIND DIRECTION     S (180)
  HIGHEST GUST SPEED    41   HIGHEST GUST DIRECTION     S (180)
  AVERAGE WIND SPEED     7.6


SKY COVER
  POSSIBLE SUNSHINE  MM
  AVERAGE SKY COVER 0.3


WEATHER CONDITIONS
 THE FOLLOWING WEATHER WAS RECORDED TODAY.
  THUNDERSTORM
  FOG
  FOG W/VISIBILITY <= 1/4 MILE


RELATIVE HUMIDITY (PERCENT)
 HIGHEST    93           300 AM
 LOWEST     31           300 PM
 AVERAGE    62

..........................................................


THE ROCK SPRINGS WY CLIMATE NORMALS FOR TOMORROW
                         NORMAL    RECORD    YEAR
 MAXIMUM TEMPERATURE (F)   67        80      2003
                                             2001
 MINIMUM TEMPERATURE (F)   40        30      2007


SUNRISE AND SUNSET
MAY 23 2018...........SUNRISE   550 AM MDT   SUNSET   837 PM MDT
MAY 24 2018...........SUNRISE   549 AM MDT   SUNSET   838 PM MDT


-  INDICATES NEGATIVE NUMBERS.
R  INDICATES RECORD WAS SET OR TIED.
MM INDICATES DATA IS MISSING.
T  INDICATES TRACE AMOUNT.




$$
