000
CDUS41 KRNK 232107
CLIROA


CLIMATE REPORT
NATIONAL WEATHER SERVICE BLACKSBURG VA
507 PM EDT MON APR 23 2018


...................................

...THE ROANOKE VA CLIMATE SUMMARY FOR APRIL 23 2018...
VALID TODAY AS OF 0500 PM LOCAL TIME.

CLIMATE NORMAL PERIOD 1981 TO 2010
CLIMATE RECORD PERIOD 1912 TO 2018


WEATHER ITEM   OBSERVED TIME   RECORD YEAR NORMAL DEPARTURE LAST
                VALUE   (LST)  VALUE       VALUE  FROM      YEAR
                                                  NORMAL
..................................................................
TEMPERATURE (F)
 TODAY
  MAXIMUM         63   1244 PM  91    1985  70     -7       51
                                      1980
                                      1960
  MINIMUM         50    630 AM  29    1927  47      3       47
  AVERAGE         57                        59     -2       49

PRECIPITATION (IN)
  TODAY            0.03          1.78 1983   0.11  -0.08     0.92
  MONTH TO DATE    1.69                      2.58  -0.89     3.55
  SINCE MAR 1      5.07                      6.04  -0.97     5.87
  SINCE JAN 1     11.19                     11.85  -0.66    10.51

SNOWFALL (IN)
  TODAY            0.0                                       0.0
  MONTH TO DATE    T                                         0.0
  SINCE MAR 1     10.6                                       0.1
  SINCE JUL 1     15.7                                       4.6
  SNOW DEPTH       0

DEGREE DAYS
 HEATING
  TODAY            8                         7      1       16
  MONTH TO DATE  268                       230     38      130
  SINCE MAR 1    936                       782    154      634
  SINCE JUL 1   3936                      3987    -51     3098

 COOLING
  TODAY            0                         1     -1        0
  MONTH TO DATE    8                        15     -7       37
  SINCE MAR 1      8                        20    -12       39
  SINCE JAN 1     12                        20     -8       39
..................................................................


WIND (MPH)
  HIGHEST WIND SPEED    23   HIGHEST WIND DIRECTION    SE (140)
  HIGHEST GUST SPEED    31   HIGHEST GUST DIRECTION    SE (140)
  AVERAGE WIND SPEED     8.5


SKY COVER
  AVERAGE SKY COVER 0.8


WEATHER CONDITIONS
 THE FOLLOWING WEATHER WAS RECORDED TODAY.
  LIGHT RAIN


RELATIVE HUMIDITY (PERCENT)
 HIGHEST    71           900 AM
 LOWEST     54           600 AM
 AVERAGE    63

..........................................................


THE ROANOKE VA CLIMATE NORMALS FOR TOMORROW
                         NORMAL    RECORD    YEAR
 MAXIMUM TEMPERATURE (F)   71        95      1925
 MINIMUM TEMPERATURE (F)   48        28      1927


SUNRISE AND SUNSET
APRIL 23 2018.........SUNRISE   635 AM EDT   SUNSET   802 PM EDT
APRIL 24 2018.........SUNRISE   633 AM EDT   SUNSET   803 PM EDT


-  INDICATES NEGATIVE NUMBERS.
R  INDICATES RECORD WAS SET OR TIED.
MM INDICATES DATA IS MISSING.
T  INDICATES TRACE AMOUNT.




$$
