000
CDUS45 KABQ 250826
CLIROW


CLIMATE REPORT
NATIONAL WEATHER SERVICE ALBUQUERQUE NM
225 AM MDT WED APR 25 2018


...................................

...THE ROSWELL NM CLIMATE SUMMARY FOR APRIL 24 2018...

CLIMATE NORMAL PERIOD 1981 TO 2010
CLIMATE RECORD PERIOD 1893 TO 2018


WEATHER ITEM   OBSERVED TIME   RECORD YEAR NORMAL DEPARTURE
                VALUE   (LST)  VALUE       VALUE  FROM
                                                  NORMAL
...............................................................
TEMPERATURE (F)
 YESTERDAY
  MAXIMUM         89    114 PM  96    2012  79     10
                                      1996
                                      1943
  MINIMUM         49   1110 PM  31    2013  48      1
                                      1968
  AVERAGE         69                        63      6

PRECIPITATION (IN)
  YESTERDAY        0.00          1.35 1997   0.03  -0.03
  MONTH TO DATE    0.00                      0.45  -0.45
  SINCE MAR 1      0.01                      0.96  -0.95
  SINCE JAN 1      0.62                      1.76  -1.14

SNOWFALL (IN)
  YESTERDAY        0.0
  MONTH TO DATE    0.0
  SINCE MAR 1      0.0
  SINCE JUL 1      0.0

DEGREE DAYS
 HEATING
  YESTERDAY        0                         4     -4
  MONTH TO DATE   95                       146    -51
  SINCE MAR 1    358                       533   -175
  SINCE JUL 1   2725                      3240   -515

 COOLING
  YESTERDAY        4                         2      2
  MONTH TO DATE   40                        23     17
  SINCE MAR 1     57                        26     31
  SINCE JAN 1     57                        26     31
...............................................................


WIND (MPH)
  HIGHEST WIND SPEED    30   HIGHEST WIND DIRECTION    NE (30)
  HIGHEST GUST SPEED    37   HIGHEST GUST DIRECTION    NE (30)
  AVERAGE WIND SPEED    14.6


SKY COVER
  AVERAGE SKY COVER 0.0


WEATHER CONDITIONS
 THE FOLLOWING WEATHER WAS RECORDED YESTERDAY.
  NO SIGNIFICANT WEATHER WAS OBSERVED.


RELATIVE HUMIDITY (PERCENT)
 HIGHEST    61          1000 PM
 LOWEST     12           100 PM
 AVERAGE    37

..........................................................


THE ROSWELL NM CLIMATE NORMALS FOR TODAY
                         NORMAL    RECORD    YEAR
 MAXIMUM TEMPERATURE (F)   79       102      2012
 MINIMUM TEMPERATURE (F)   48        30      1968


SUNRISE AND SUNSET
APRIL 25 2018.........SUNRISE   616 AM MDT   SUNSET   736 PM MDT
APRIL 26 2018.........SUNRISE   615 AM MDT   SUNSET   737 PM MDT


-  INDICATES NEGATIVE NUMBERS.
R  INDICATES RECORD WAS SET OR TIED.
MM INDICATES DATA IS MISSING.
T  INDICATES TRACE AMOUNT.




$$
