000
CDUS43 KARX 250638
CLIRST


CLIMATE REPORT
NATIONAL WEATHER SERVICE LA CROSSE WI
137 AM CDT FRI MAY 25 2018


...................................

...THE ROCHESTER MN CLIMATE SUMMARY FOR MAY 24 2018...

CLIMATE NORMAL PERIOD 1981 TO 2010
CLIMATE RECORD PERIOD 1886 TO 2018


WEATHER ITEM   OBSERVED TIME   RECORD YEAR NORMAL DEPARTURE LAST
                VALUE   (LST)  VALUE       VALUE  FROM      YEAR
                                                  NORMAL
..................................................................
TEMPERATURE (F)
 YESTERDAY
  MAXIMUM         90    349 PM  94    2010  71     19       62
  MINIMUM         64    506 AM  31    1930  50     14       47
  AVERAGE         77                        60     17       55

PRECIPITATION (IN)
  YESTERDAY        0.00          2.33 1945   0.12  -0.12     0.00
  MONTH TO DATE    4.46                      2.76   1.70     3.02
  SINCE MAR 1      8.55                      7.88   0.67    10.44
  SINCE JAN 1     11.05                      9.57   1.48    14.22

SNOWFALL (IN)
  YESTERDAY        0.0           0.0  2012   0.0    0.0      0.0
  MONTH TO DATE    0.0                       0.2   -0.2      0.0
  SINCE JUL 1     60.2                      52.1    8.1     52.7
  SNOW DEPTH       0

DEGREE DAYS
 HEATING
  YESTERDAY        0                         6     -6       10
  MONTH TO DATE  122                       211    -89      246
  SINCE JUL 1   8059                      7636    423     6830

 COOLING
  YESTERDAY       12                         1     11        0
  MONTH TO DATE   23                        17      6       20
  SINCE JAN 1     23                        21      2       20
..................................................................


WIND (MPH)
  HIGHEST WIND SPEED    31   HIGHEST WIND DIRECTION     S (200)
  HIGHEST GUST SPEED    39   HIGHEST GUST DIRECTION     S (200)
  AVERAGE WIND SPEED    16.0


SKY COVER
  POSSIBLE SUNSHINE  MM
  AVERAGE SKY COVER 0.1


WEATHER CONDITIONS
 THE FOLLOWING WEATHER WAS RECORDED YESTERDAY.
  NO SIGNIFICANT WEATHER WAS OBSERVED.


RELATIVE HUMIDITY (PERCENT)
 HIGHEST    87          1200 AM
 LOWEST     34           400 PM
 AVERAGE    61

..........................................................


THE ROCHESTER MN CLIMATE NORMALS FOR TODAY
                         NORMAL    RECORD    YEAR
 MAXIMUM TEMPERATURE (F)   71        89      1980
 MINIMUM TEMPERATURE (F)   50        29      1934


SUNRISE AND SUNSET
MAY 25 2018...........SUNRISE   535 AM CDT   SUNSET   840 PM CDT
MAY 26 2018...........SUNRISE   534 AM CDT   SUNSET   840 PM CDT


-  INDICATES NEGATIVE NUMBERS.
R  INDICATES RECORD WAS SET OR TIED.
MM INDICATES DATA IS MISSING.
T  INDICATES TRACE AMOUNT.




$$
