655
CDUS46 KLOX 252232
CLISBA


CLIMATE REPORT
NATIONAL WEATHER SERVICE LOS ANGELES/OXNARD CA
332 PM PDT WED APR 25 2018


...................................

...THE SANTA BARBARA AIRPORT CA CLIMATE SUMMARY FOR APRIL 25 2018...
VALID TODAY AS OF 0300 PM LOCAL TIME.

CLIMATE NORMAL PERIOD 1981 TO 2010
CLIMATE RECORD PERIOD 1940 TO 2018


WEATHER ITEM   OBSERVED TIME   RECORD YEAR NORMAL DEPARTURE LAST
                VALUE   (LST)  VALUE       VALUE  FROM      YEAR
                                                  NORMAL
..................................................................
TEMPERATURE (F)
 TODAY
  MAXIMUM         61    200 PM  88    1948  68     -7       75
  MINIMUM         52        MM  39    2009  49      3       53
  AVERAGE         57                        58     -1       64

PRECIPITATION (IN)
  TODAY            0.00          1.00 1951   0.02  -0.02     0.00
  MONTH TO DATE    T                         0.89  -0.89     0.41
  SINCE OCT 1      8.30                     16.83  -8.53    24.11
  SINCE JAN 1      8.23                     11.53  -3.30    19.30

SNOWFALL (IN)
  TODAY            0.0
  MONTH TO DATE    0.0
  SINCE MAR 1      0.0
  SINCE JUL 1      0.0

DEGREE DAYS
 HEATING
  TODAY            8                         7      1        1
  MONTH TO DATE  142                       197    -55      131
  SINCE MAR 1    457                       493    -36      336
  SINCE JUL 1   1708                      2094   -386     1704

 COOLING
  TODAY            0                         0      0        0
  MONTH TO DATE   10                         0     10        7
  SINCE MAR 1     10                         2      8        7
  SINCE JAN 1     10                         2      8        7
..................................................................


WIND (MPH)
  HIGHEST WIND SPEED     8   HIGHEST WIND DIRECTION    SW (240)
  HIGHEST GUST SPEED    MM   HIGHEST GUST DIRECTION    MM
  AVERAGE WIND SPEED     5.1


SKY COVER
  POSSIBLE SUNSHINE  MM
  AVERAGE SKY COVER 0.8


WEATHER CONDITIONS
 THE FOLLOWING WEATHER WAS RECORDED TODAY.
  FOG
  HAZE


RELATIVE HUMIDITY (PERCENT)
 HIGHEST   100           100 AM
 LOWEST     69          1200 PM
 AVERAGE    85

..........................................................


THE SANTA BARBARA AIRPORT CA CLIMATE NORMALS FOR TOMORROW
                         NORMAL    RECORD    YEAR
 MAXIMUM TEMPERATURE (F)   68        88      1993
 MINIMUM TEMPERATURE (F)   49        39      1989


SUNRISE AND SUNSET
APRIL 25 2018.........SUNRISE   616 AM PDT   SUNSET   739 PM PDT
APRIL 26 2018.........SUNRISE   615 AM PDT   SUNSET   740 PM PDT


-  INDICATES NEGATIVE NUMBERS.
R  INDICATES RECORD WAS SET OR TIED.
MM INDICATES DATA IS MISSING.
T  INDICATES TRACE AMOUNT.




$$
