000
CDUS41 KAKQ 260545
CLISBY


CLIMATE REPORT
NATIONAL WEATHER SERVICE WAKEFIELD, VA
145 AM EDT SAT MAY 26 2018


...................................

...THE SALISBURY MD CLIMATE SUMMARY FOR MAY 25 2018...

CLIMATE NORMAL PERIOD 1981 TO 2010
CLIMATE RECORD PERIOD 1900 TO 2018


WEATHER ITEM   OBSERVED TIME   RECORD YEAR NORMAL DEPARTURE LAST
                VALUE   (LST)  VALUE       VALUE  FROM      YEAR
                                                  NORMAL
..................................................................
TEMPERATURE (F)
 YESTERDAY
  MAXIMUM         84    149 PM  92    1995  76      8       78
  MINIMUM         56    509 AM  37    1956  54      2       55
                                      1923
  AVERAGE         70                        65      5       67

PRECIPITATION (IN)
  YESTERDAY        0.00          2.57 1995   0.13  -0.13     0.37
  MONTH TO DATE    8.63                      2.86   5.77     4.75
  SINCE MAR 1     13.98                     10.83   3.15    11.40
  SINCE JAN 1     20.23                     17.79   2.44    16.20

SNOWFALL (IN)
  YESTERDAY        0.0           0.0  2002   0.0    0.0
                                      2001
  MONTH TO DATE    0.0                       0.0    0.0
  SINCE NOV 1     17.2                       9.3    7.9
  SINCE JUL 1     17.2                       9.3    7.9
  SNOW DEPTH       0

DEGREE DAYS
 HEATING
  YESTERDAY        0                         3     -3        0
  MONTH TO DATE   24                       127   -103      131
  SINCE MAR 1   1145                      1102     43      935
  SINCE JUL 1   4192                      4407   -215     3686

 COOLING
  YESTERDAY        5                         3      2        2
  MONTH TO DATE  110                        44     66       51
  SINCE MAR 1    120                        61     59      121
  SINCE JAN 1    124                        61     63      121
..................................................................


WIND (MPH)
  HIGHEST WIND SPEED    20   HIGHEST WIND DIRECTION     S (200)
  HIGHEST GUST SPEED    24   HIGHEST GUST DIRECTION    SW (210)
  AVERAGE WIND SPEED     8.0


SKY COVER
  POSSIBLE SUNSHINE  MM
  AVERAGE SKY COVER 0.0


WEATHER CONDITIONS
 THE FOLLOWING WEATHER WAS RECORDED YESTERDAY.
  FOG


RELATIVE HUMIDITY (PERCENT)
 HIGHEST   100           500 AM
 LOWEST     43           100 PM
 AVERAGE    72

..........................................................


THE SALISBURY MD CLIMATE NORMALS FOR TODAY
                         NORMAL    RECORD    YEAR
 MAXIMUM TEMPERATURE (F)   76        92      2011
                                             1991
                                             1914
 MINIMUM TEMPERATURE (F)   55        39      1917


SUNRISE AND SUNSET
MAY 26 2018...........SUNRISE   543 AM EDT   SUNSET   816 PM EDT
MAY 27 2018...........SUNRISE   542 AM EDT   SUNSET   816 PM EDT


-  INDICATES NEGATIVE NUMBERS.
R  INDICATES RECORD WAS SET OR TIED.
MM INDICATES DATA IS MISSING.
T  INDICATES TRACE AMOUNT.




$$
