000
CDUS46 KLOX 190914
CLISDB


CLIMATE REPORT
NATIONAL WEATHER SERVICE LOS ANGELES/OXNARD CA
214 AM PDT THU APR 19 2018


...................................

...THE SANDBERG CA CLIMATE SUMMARY FOR APRIL 18 2018...

CLIMATE NORMAL PERIOD 1981 TO 2010
CLIMATE RECORD PERIOD 1934 TO 2018


WEATHER ITEM   OBSERVED TIME   RECORD YEAR NORMAL DEPARTURE LAST
                VALUE   (LST)  VALUE       VALUE  FROM      YEAR
                                                  NORMAL
..................................................................
TEMPERATURE (F)
 YESTERDAY
  MAXIMUM         58        MM  83    1989  59     -1       64
  MINIMUM         37        MM  26    1971  42     -5       49
  AVERAGE         48                        51     -3       57

PRECIPITATION (IN)
  YESTERDAY        0.00          0.73 1967   0.02  -0.02     0.05
  MONTH TO DATE    0.01                      0.44  -0.43     0.09
  SINCE OCT 1      6.67                     11.45  -4.78    12.69
  SINCE JAN 1      6.62                      7.82  -1.20     8.85

DEGREE DAYS
 HEATING
  YESTERDAY       17                        15      2        8
  MONTH TO DATE  220                       289    -69      169
  SINCE MAR 1    809                       859    -50      500
  SINCE JUL 1   2408                      3618  -1210     2757

 COOLING
  YESTERDAY        0                         0      0        0
  MONTH TO DATE    0                         0      0        0
  SINCE MAR 1      0                         1     -1       16
  SINCE JAN 1      2                         1      1       16
..................................................................


WIND (MPH)
  HIGHEST WIND SPEED    29   HIGHEST WIND DIRECTION    SW (210)
  HIGHEST GUST SPEED    40   HIGHEST GUST DIRECTION    SW (210)
  AVERAGE WIND SPEED    17.4


SKY COVER
  POSSIBLE SUNSHINE  MM
  AVERAGE SKY COVER 0.0


WEATHER CONDITIONS
 THE FOLLOWING WEATHER WAS RECORDED YESTERDAY.
  NO SIGNIFICANT WEATHER WAS OBSERVED.


RELATIVE HUMIDITY (PERCENT)
 HIGHEST    MM
 LOWEST     MM
 AVERAGE    MM

..........................................................


THE SANDBERG CA CLIMATE NORMALS FOR TODAY
                         NORMAL    RECORD    YEAR
 MAXIMUM TEMPERATURE (F)   59        81      1950
 MINIMUM TEMPERATURE (F)   42        22      1967


SUNRISE AND SUNSET
APRIL 19 2018.........SUNRISE   618 AM PDT   SUNSET   730 PM PDT
APRIL 20 2018.........SUNRISE   617 AM PDT   SUNSET   731 PM PDT


-  INDICATES NEGATIVE NUMBERS.
R  INDICATES RECORD WAS SET OR TIED.
MM INDICATES DATA IS MISSING.
T  INDICATES TRACE AMOUNT.




$$
