438
CDUS46 KOTX 200858
CLISFF


CLIMATE REPORT
NATIONAL WEATHER SERVICE SPOKANE, WA
158 AM PDT SUN MAY 20 2018


...................................

...THE SPOKANE WA FELTS AIRPORT CLIMATE SUMMARY FOR MAY 19 2018...

CLIMATE NORMAL PERIOD 1981 TO 2010
CLIMATE RECORD PERIOD 9999 TO 9999


WEATHER ITEM   OBSERVED TIME   RECORD YEAR NORMAL DEPARTURE LAST
                VALUE   (LST)  VALUE       VALUE  FROM      YEAR
                                                  NORMAL
..................................................................
TEMPERATURE (F)
 YESTERDAY
  MAXIMUM         73    432 PM  MM      MM  69      4       71
  MINIMUM         51   1159 PM  MM      MM  43      8       43
  AVERAGE         62                        56      6       57

PRECIPITATION (IN)
  YESTERDAY        0.01         MM      MM   0.05  -0.04     0.00
  MONTH TO DATE    0.71                      0.98  -0.27     1.35
  SINCE OCT 1     15.28                     13.32   1.96    20.95
  SINCE JAN 1      8.38                      7.12   1.26    11.86

SNOWFALL (IN)
  YESTERDAY       MM

DEGREE DAYS
 HEATING
  YESTERDAY        3                         9     -6        8
  MONTH TO DATE   84                       225   -141      222
  SINCE MAR 1   1340                      1509   -169     1417
  SINCE JUL 1   5657                      6080   -423     6013

 COOLING
  YESTERDAY        0                         0      0        0
  MONTH TO DATE    7                         0      7        1
  SINCE MAR 1      7                         0      7        1
  SINCE JAN 1      7                         0      7        1
..................................................................


WIND (MPH)
  HIGHEST WIND SPEED    14   HIGHEST WIND DIRECTION     E (80)
  HIGHEST GUST SPEED    17   HIGHEST GUST DIRECTION     E (70)
  AVERAGE WIND SPEED     3.4


SKY COVER
  POSSIBLE SUNSHINE  MM
  AVERAGE SKY COVER 0.6


WEATHER CONDITIONS
 THE FOLLOWING WEATHER WAS RECORDED YESTERDAY.
  LIGHT RAIN


RELATIVE HUMIDITY (PERCENT)
 HIGHEST    83           500 AM
 LOWEST     38           500 PM
 AVERAGE    61

..........................................................


THE SPOKANE WA FELTS AIRPORT CLIMATE NORMALS FOR TODAY
                         NORMAL    RECORD    YEAR
 MAXIMUM TEMPERATURE (F)   69        MM        MM
 MINIMUM TEMPERATURE (F)   43        MM        MM


SUNRISE AND SUNSET
MAY 20 2018...........SUNRISE   506 AM PDT   SUNSET   827 PM PDT
MAY 21 2018...........SUNRISE   505 AM PDT   SUNSET   828 PM PDT


-  INDICATES NEGATIVE NUMBERS.
R  INDICATES RECORD WAS SET OR TIED.
MM INDICATES DATA IS MISSING.
T  INDICATES TRACE AMOUNT.




$$
