000
CDUS46 KMFR 280037
CLISIY


CLIMATE REPORT
NATIONAL WEATHER SERVICE MEDFORD, OR
537 PM PDT SUN MAY 27 2018


...................................

...THE MONTAGUE CA CLIMATE SUMMARY FOR MAY 27 2018...
VALID TODAY AS OF 0500 PM LOCAL TIME.

CLIMATE NORMAL PERIOD 1981 TO 2010
CLIMATE RECORD PERIOD 1948 TO 2018


WEATHER ITEM   OBSERVED TIME   RECORD YEAR NORMAL DEPARTURE LAST
                VALUE   (LST)  VALUE       VALUE  FROM      YEAR
                                                  NORMAL
..................................................................
TEMPERATURE (F)
 TODAY
  MAXIMUM         80    307 PM  96    1983  75      5       83
  MINIMUM         37    459 AM  30    1977  43     -6       41
  AVERAGE         59                        59      0       62

PRECIPITATION (IN)
  TODAY            0.00          0.33 2008   0.02  -0.02     0.00
  MONTH TO DATE    1.24                      1.33  -0.09     0.49
  SINCE OCT 1      7.98                     16.24  -8.26    15.39
  SINCE JAN 1      5.71                      9.41  -3.70     7.18

SNOWFALL (IN)
  TODAY           MM                        MM     MM       MM
  MONTH TO DATE    0.0                      MM     MM       MM
  SINCE JUL 1      0.0                      MM     MM       MM
  SNOW DEPTH      MM

DEGREE DAYS
 HEATING
  TODAY            6                         7     -1        3
  MONTH TO DATE  132                       263   -131      253
  SINCE MAR 1   1304                      1484   -180     1427
  SINCE JUL 1   5120                      5361   -241     5324

 COOLING
  TODAY            0                         1     -1        0
  MONTH TO DATE    2                        12    -10        8
  SINCE MAR 1      2                        12    -10        8
  SINCE JAN 1      2                        12    -10        8
..................................................................


WIND (MPH)
  HIGHEST WIND SPEED    22   HIGHEST WIND DIRECTION     N (360)
  HIGHEST GUST SPEED    28   HIGHEST GUST DIRECTION    NW (320)
  AVERAGE WIND SPEED     6.0


SKY COVER
  POSSIBLE SUNSHINE  MM
  AVERAGE SKY COVER 0.0


WEATHER CONDITIONS
 THE FOLLOWING WEATHER WAS RECORDED TODAY.
  FOG


RELATIVE HUMIDITY (PERCENT)
 HIGHEST    92           400 AM
 LOWEST     25           300 PM

..........................................................


THE MONTAGUE CA CLIMATE NORMALS FOR TOMORROW
                         NORMAL    RECORD    YEAR
 MAXIMUM TEMPERATURE (F)   75       103      1983
 MINIMUM TEMPERATURE (F)   43        31      2011


SUNRISE AND SUNSET
MAY 27 2018...........SUNRISE   540 AM PDT   SUNSET   834 PM PDT
MAY 28 2018...........SUNRISE   540 AM PDT   SUNSET   835 PM PDT


-  INDICATES NEGATIVE NUMBERS.
R  INDICATES RECORD WAS SET OR TIED.
MM INDICATES DATA IS MISSING.
T  INDICATES TRACE AMOUNT.




$$
