000
CDUS44 KSJT 210907
CLISJT


CLIMATE REPORT
NATIONAL WEATHER SERVICE SAN ANGELO TX
406 AM CDT MON MAY 21 2018


...................................

...THE SAN ANGELO CLIMATE SUMMARY FOR MAY 20 2018...

CLIMATE NORMAL PERIOD 1981 TO 2010
CLIMATE RECORD PERIOD 1907 TO 2018


WEATHER ITEM   OBSERVED TIME   RECORD YEAR NORMAL DEPARTURE LAST
                VALUE   (LST)  VALUE       VALUE  FROM      YEAR
                                                  NORMAL
..................................................................
TEMPERATURE (F)
 YESTERDAY
  MAXIMUM         79    538 PM 104    1927  88     -9       79
  MINIMUM         62   1014 AM  49    1952  63     -1       62
                                      1919
  AVERAGE         71                        76     -5       71

PRECIPITATION (IN)
  YESTERDAY        0.47          1.15 1913   0.11   0.36     0.00
  MONTH TO DATE    6.03                      1.61   4.42     1.60
  SINCE MAR 1      7.36                      4.53   2.83     3.31
  SINCE JAN 1      8.73                      6.81   1.92     6.02

DEGREE DAYS
 HEATING
  YESTERDAY        0                         0      0        0
  MONTH TO DATE    1                         8     -7        4
  SINCE MAR 1    254                       353    -99      178
  SINCE JUL 1   2092                      2314   -222     1502

 COOLING
  YESTERDAY        6                        11     -5        6
  MONTH TO DATE  245                       172     73      171
  SINCE MAR 1    417                       323     94      445
  SINCE JAN 1    436                       328    108      472
..................................................................


WIND (MPH)
  HIGHEST WIND SPEED    28   HIGHEST WIND DIRECTION    NE (30)
  HIGHEST GUST SPEED    35   HIGHEST GUST DIRECTION     N (20)
  AVERAGE WIND SPEED    10.2


SKY COVER
  POSSIBLE SUNSHINE  MM
  AVERAGE SKY COVER 0.3


WEATHER CONDITIONS
 THE FOLLOWING WEATHER WAS RECORDED YESTERDAY.
  THUNDERSTORM
  HEAVY RAIN
  RAIN
  LIGHT RAIN
  FOG


RELATIVE HUMIDITY (PERCENT)
 HIGHEST    87          1100 PM
 LOWEST     58           600 PM
 AVERAGE    73

..........................................................


THE SAN ANGELO CLIMATE NORMALS FOR TODAY
                         NORMAL    RECORD    YEAR
 MAXIMUM TEMPERATURE (F)   88       104      1953
                                             1927
 MINIMUM TEMPERATURE (F)   64        47      1911


SUNRISE AND SUNSET
MAY 21 2018...........SUNRISE   642 AM CDT   SUNSET   835 PM CDT
MAY 22 2018...........SUNRISE   642 AM CDT   SUNSET   836 PM CDT


-  INDICATES NEGATIVE NUMBERS.
R  INDICATES RECORD WAS SET OR TIED.
MM INDICATES DATA IS MISSING.
T  INDICATES TRACE AMOUNT.




$$
