000
CDUS45 KSLC 250033
CLISLC


CLIMATE REPORT
NATIONAL WEATHER SERVICE SALT LAKE CITY UT
633 PM MDT TUE APR 24 2018


...................................

...THE SALT LAKE CITY UT CLIMATE SUMMARY FOR APRIL 24 2018...
VALID TODAY AS OF 0500 PM LOCAL TIME.

CLIMATE NORMAL PERIOD 1981 TO 2010
CLIMATE RECORD PERIOD 1874 TO 2018


WEATHER ITEM   OBSERVED TIME   RECORD YEAR NORMAL DEPARTURE LAST
                VALUE   (LST)  VALUE       VALUE  FROM      YEAR
                                                  NORMAL
..................................................................
TEMPERATURE (F)
 TODAY
  MAXIMUM         66    349 PM  86    2012  64      2       56
  MINIMUM         42    534 AM  27    1950  41      1       43
  AVERAGE         54                        53      1       50

PRECIPITATION (IN)
  TODAY            0.00          0.70 1945   0.06  -0.06     0.16
  MONTH TO DATE    1.18                      1.57  -0.39     2.40
  SINCE OCT 1      7.77                     10.24  -2.47    14.21
  SINCE JAN 1      5.64                      5.86  -0.22     9.57

SNOWFALL (IN)
  TODAY            0.0           1.6  1958   0.1   -0.1      0.0
                                      1945
  MONTH TO DATE    1.4                       3.6   -2.2      1.0
  SINCE OCT 1     43.5                      55.5  -12.0     51.3
  SINCE JUL 1     43.5                      55.5  -12.0     51.3
  SNOW DEPTH       0

DEGREE DAYS
 HEATING
  TODAY           11                        13     -2       15
  MONTH TO DATE  279                       369    -90      321
  SINCE MAR 1    845                      1031   -186      777
  SINCE JUL 1   4381                      5287   -906     4530

 COOLING
  TODAY            0                         0      0        0
  MONTH TO DATE    0                         0      0        0
  SINCE MAR 1      0                         0      0        2
  SINCE JAN 1      0                         0      0        2
..................................................................


WIND (MPH)
  RESULTANT WIND SPEED   5   RESULTANT WIND DIRECTION   W (290)
  HIGHEST WIND SPEED    16   HIGHEST WIND DIRECTION     W (280)
  HIGHEST GUST SPEED    22   HIGHEST GUST DIRECTION     W (250)
  AVERAGE WIND SPEED     6.4


SKY COVER
  POSSIBLE SUNSHINE  MM
  AVERAGE SKY COVER 0.0


WEATHER CONDITIONS
 THE FOLLOWING WEATHER WAS RECORDED TODAY.
  NO SIGNIFICANT WEATHER WAS OBSERVED.


RELATIVE HUMIDITY (PERCENT)
 HIGHEST    76           400 AM
 LOWEST     26           300 PM
 AVERAGE    51

..........................................................


THE SALT LAKE CITY UT CLIMATE NORMALS FOR TOMORROW
                         NORMAL    RECORD    YEAR
 MAXIMUM TEMPERATURE (F)   64        84      1946
 MINIMUM TEMPERATURE (F)   42        26      1950


SUNRISE AND SUNSET
APRIL 24 2018.........SUNRISE   636 AM MDT   SUNSET   817 PM MDT
APRIL 25 2018.........SUNRISE   634 AM MDT   SUNSET   818 PM MDT


-  INDICATES NEGATIVE NUMBERS.
R  INDICATES RECORD WAS SET OR TIED.
MM INDICATES DATA IS MISSING.
T  INDICATES TRACE AMOUNT.




$$
