000
CDUS46 KMTR 230829
CLISNS


CLIMATE REPORT
NATIONAL WEATHER SERVICE SAN FRANCISCO BAY AREA
129 AM PDT MON APR 23 2018


...................................

...THE SALINAS AIRPORT CLIMATE SUMMARY FOR APRIL 22 2018...

CLIMATE NORMAL PERIOD 1981 TO 2010
CLIMATE RECORD PERIOD 1930 TO 2018


WEATHER ITEM   OBSERVED TIME   RECORD YEAR NORMAL DEPARTURE LAST
                VALUE   (LST)  VALUE       VALUE  FROM      YEAR
                                                  NORMAL
..................................................................
TEMPERATURE (F)
 YESTERDAY
  MAXIMUM         75   1236 PM  87    1987  68      7       72
  MINIMUM         47    503 AM  33    1968  47      0       49
  AVERAGE         61                        57      4       61

PRECIPITATION (IN)
  YESTERDAY        0.00          0.33 2003   0.02  -0.02     0.00
  MONTH TO DATE    1.84                      0.76   1.08     0.84
  SINCE OCT 1      7.13                     12.02  -4.89    16.36
  SINCE JAN 1      6.35                      8.11  -1.76    12.36

DEGREE DAYS
 HEATING
  YESTERDAY        4                         8     -4        4
  MONTH TO DATE  168                       194    -26      146
  SINCE MAR 1    484                       514    -30      385
  SINCE JUL 1   1872                      2328   -456     2147

 COOLING
  YESTERDAY        0                         0      0        0
  MONTH TO DATE    0                         0      0        3
  SINCE MAR 1      6                         1      5        4
  SINCE JAN 1      6                         1      5        4
..................................................................


WIND (MPH)
  RESULTANT WIND SPEED   6   RESULTANT WIND DIRECTION  NW (300)
  HIGHEST WIND SPEED    17   HIGHEST WIND DIRECTION     W (290)
  HIGHEST GUST SPEED    22   HIGHEST GUST DIRECTION     W (280)
  AVERAGE WIND SPEED     6.7


SKY COVER
  POSSIBLE SUNSHINE  MM
  AVERAGE SKY COVER 0.0


WEATHER CONDITIONS
 THE FOLLOWING WEATHER WAS RECORDED YESTERDAY.
  FOG
  HAZE


RELATIVE HUMIDITY (PERCENT)
 HIGHEST    93           400 AM
 LOWEST     47           400 PM
 AVERAGE    70

..........................................................


THE SALINAS AIRPORT CLIMATE NORMALS FOR TODAY
                         NORMAL    RECORD    YEAR
 MAXIMUM TEMPERATURE (F)   68        91      1946
 MINIMUM TEMPERATURE (F)   47        32      1937


SUNRISE AND SUNSET
APRIL 23 2018.........SUNRISE   622 AM PDT   SUNSET   748 PM PDT
APRIL 24 2018.........SUNRISE   621 AM PDT   SUNSET   749 PM PDT


-  INDICATES NEGATIVE NUMBERS.
R  INDICATES RECORD WAS SET OR TIED.
MM INDICATES DATA IS MISSING.
T  INDICATES TRACE AMOUNT.




$$
