000
CDUS45 KPIH 212325
CLISNT


CLIMATE REPORT
NATIONAL WEATHER SERVICE POCATELLO ID
523 PM MDT SAT APR 21 2018


...................................

...THE STANLEY ID CLIMATE SUMMARY FOR APRIL 21 2018...
VALID TODAY AS OF 0500 PM LOCAL TIME.

CLIMATE NORMAL PERIOD 1981 TO 2010
CLIMATE RECORD PERIOD 1916 TO 2018


WEATHER ITEM   OBSERVED TIME   RECORD YEAR NORMAL DEPARTURE LAST
                VALUE   (LST)  VALUE       VALUE  FROM      YEAR
                                                  NORMAL
..................................................................
TEMPERATURE (F)
 TODAY
  MAXIMUM         57    357 PM  74    1994  49      8       45
  MINIMUM         22    559 AM  -6    1982  21      1       21
  AVERAGE         40                        35      5       33

PRECIPITATION (IN)
  TODAY            0.00          0.60 1988   0.06  -0.06     0.00
  MONTH TO DATE    1.79                      1.20   0.59     1.61
  SINCE OCT 1     16.09                     11.17   4.92    25.07
  SINCE JAN 1      7.85                      6.32   1.53    13.74

SNOWFALL (IN)
  TODAY           MM
  MONTH TO DATE   MM
  SINCE MAR 1     MM
  SINCE JUL 1     MM
  SNOW DEPTH      MM

DEGREE DAYS
 HEATING
  TODAY           25                        30     -5       32
  MONTH TO DATE  650                       688    -38      676
  SINCE MAR 1   1870                      1872     -2     1681
  SINCE JUL 1   8515                      9406   -891     8938

 COOLING
  TODAY            0                         0      0        0
  MONTH TO DATE    0                         0      0        0
  SINCE MAR 1      0                         0      0        0
  SINCE JAN 1      0                         0      0        0
..................................................................


WIND (MPH)
  HIGHEST WIND SPEED    12   HIGHEST WIND DIRECTION    SW (230)
  HIGHEST GUST SPEED    17   HIGHEST GUST DIRECTION    SW (240)
  AVERAGE WIND SPEED     2.6


SKY COVER
  POSSIBLE SUNSHINE  MM
  AVERAGE SKY COVER 0.0


WEATHER CONDITIONS
 THE FOLLOWING WEATHER WAS RECORDED TODAY.
  NO SIGNIFICANT WEATHER WAS OBSERVED.


RELATIVE HUMIDITY (PERCENT)
 HIGHEST    81           400 AM
 LOWEST     30           300 PM
 AVERAGE    56

..........................................................


THE STANLEY ID CLIMATE NORMALS FOR TOMORROW
                         NORMAL    RECORD    YEAR
 MAXIMUM TEMPERATURE (F)   49        73      2012
                                             1994
 MINIMUM TEMPERATURE (F)   21         1      2011


SUNRISE AND SUNSET
APRIL 21 2018.........SUNRISE   646 AM MDT   SUNSET   831 PM MDT
APRIL 22 2018.........SUNRISE   645 AM MDT   SUNSET   833 PM MDT


-  INDICATES NEGATIVE NUMBERS.
R  INDICATES RECORD WAS SET OR TIED.
MM INDICATES DATA IS MISSING.
T  INDICATES TRACE AMOUNT.




$$
