000
CDUS44 KOUN 240628
CLISPS

CLIMATE REPORT
NATIONAL WEATHER SERVICE NORMAN OK
127 AM CDT TUE APR 24 2018


...................................

...THE WICHITA FALLS CLIMATE SUMMARY FOR APRIL 23 2018...

CLIMATE NORMAL PERIOD 1981 TO 2010
CLIMATE RECORD PERIOD 1897 TO 2018


WEATHER ITEM   OBSERVED TIME   RECORD YEAR NORMAL DEPARTURE LAST
                VALUE   (LST)  VALUE       VALUE  FROM      YEAR
                                                  NORMAL
..................................................................
TEMPERATURE (F)
 YESTERDAY
  MAXIMUM         76    422 PM  94    2009  78     -2       73
  MINIMUM         47    325 AM  36    2013  52     -5       43
  AVERAGE         62                        65     -3       58

PRECIPITATION (IN)
  YESTERDAY        0.00          1.70 1913   0.11  -0.11     0.00
  MONTH TO DATE    1.19                      1.81  -0.62     0.90
  SINCE MAR 1      3.98                      4.01  -0.03     1.65
  SINCE JAN 1      6.84                      6.90  -0.06     5.62

SNOWFALL (IN)
  YESTERDAY        0.0           0.0  2002   0.0    0.0      0.0
  MONTH TO DATE    0.0                       0.0    0.0      0.0
  SINCE MAR 1      0.0                       0.5   -0.5      0.0
  SINCE JUL 1      1.0                       3.9   -2.9       T

DEGREE DAYS
 HEATING
  YESTERDAY        3                         3      0        7
  MONTH TO DATE  217                       125     92       67
  SINCE MAR 1    469                       482    -13      271
  SINCE JUL 1   2855                      2928    -73     2115

 COOLING
  YESTERDAY        0                         3     -3        0
  MONTH TO DATE   33                        46    -13       55
  SINCE MAR 1     61                        65     -4      112
  SINCE JAN 1     70                        68      2      130
..................................................................


WIND (MPH)
  HIGHEST WIND SPEED    16   HIGHEST WIND DIRECTION     N (10)
  HIGHEST GUST SPEED    24   HIGHEST GUST DIRECTION    NW (330)
  AVERAGE WIND SPEED     8.4


SKY COVER
  AVERAGE SKY COVER 0.1


WEATHER CONDITIONS
 THE FOLLOWING WEATHER WAS RECORDED YESTERDAY.
  NO SIGNIFICANT WEATHER WAS OBSERVED.


RELATIVE HUMIDITY (PERCENT)
 HIGHEST    86           200 AM
 LOWEST     36           500 PM
 AVERAGE    61

..........................................................


THE WICHITA FALLS CLIMATE NORMALS FOR TODAY
                         NORMAL    RECORD    YEAR
 MAXIMUM TEMPERATURE (F)   78        96      1984
 MINIMUM TEMPERATURE (F)   52        29      2013


SUNRISE AND SUNSET
APRIL 24 2018.........SUNRISE   652 AM CDT   SUNSET   812 PM CDT
APRIL 25 2018.........SUNRISE   651 AM CDT   SUNSET   813 PM CDT


-  INDICATES NEGATIVE NUMBERS.
R  INDICATES RECORD WAS SET OR TIED.
MM INDICATES DATA IS MISSING.
T  INDICATES TRACE AMOUNT.




$$
