000
CDUS42 KTBW 260830
CLISRQ


CLIMATE REPORT
NATIONAL WEATHER SERVICE TAMPA BAY FL
428 AM EDT SAT MAY 26 2018


...................................

...THE SARASOTA BRADENTON CLIMATE SUMMARY FOR MAY 25 2018...

CLIMATE NORMAL PERIOD 1981 TO 2010
CLIMATE RECORD PERIOD 1911 TO 2018


WEATHER ITEM   OBSERVED TIME   RECORD YEAR NORMAL DEPARTURE LAST
                VALUE   (LST)  VALUE       VALUE  FROM      YEAR
                                                  NORMAL
..................................................................
TEMPERATURE (F)
 YESTERDAY
  MAXIMUM         87   1149 AM  94    2016  87      0       83
                                      2013
                                      2012
  MINIMUM         72    144 PM  58    1931  69      3       67
  AVERAGE         80                        78      2       75

PRECIPITATION (IN)
  YESTERDAY        0.44          1.55 1963   0.08   0.36      T
  MONTH TO DATE    5.71                      1.62   4.09     5.05
  SINCE MAR 1     10.53                      7.92   2.61     5.79
  SINCE JAN 1     13.62                     13.11   0.51     8.28

DEGREE DAYS
 HEATING
  YESTERDAY        0                         0      0        0
  MONTH TO DATE    0                         0      0        0
  SINCE MAR 1     90                        59     31       54
  SINCE JUL 1    389                       477    -88      202

 COOLING
  YESTERDAY       15                        13      2       10
  MONTH TO DATE  316                       273     43      352
  SINCE MAR 1    631                       566     65      777
  SINCE JAN 1    871                       670    201      951
..................................................................


WIND (MPH)
  HIGHEST WIND SPEED    23   HIGHEST WIND DIRECTION    SE (140)
  HIGHEST GUST SPEED    28   HIGHEST GUST DIRECTION    SE (140)
  AVERAGE WIND SPEED     6.8


SKY COVER
  POSSIBLE SUNSHINE  MM
  AVERAGE SKY COVER 0.3


WEATHER CONDITIONS
 THE FOLLOWING WEATHER WAS RECORDED YESTERDAY.
  THUNDERSTORM
  HEAVY RAIN
  RAIN
  LIGHT RAIN
  FOG


RELATIVE HUMIDITY (PERCENT)
 HIGHEST   100          1200 AM
 LOWEST     61          1200 PM

..........................................................


THE SARASOTA BRADENTON CLIMATE NORMALS FOR TODAY
                         NORMAL    RECORD    YEAR
 MAXIMUM TEMPERATURE (F)   87        94      2012
                                             1995
                                             1986
 MINIMUM TEMPERATURE (F)   69        55      1979


SUNRISE AND SUNSET
MAY 26 2018...........SUNRISE   637 AM EDT   SUNSET   818 PM EDT
MAY 27 2018...........SUNRISE   637 AM EDT   SUNSET   818 PM EDT


-  INDICATES NEGATIVE NUMBERS.
R  INDICATES RECORD WAS SET OR TIED.
MM INDICATES DATA IS MISSING.
T  INDICATES TRACE AMOUNT.




$$


&&
------------------------------------------------------------------
******************** SUPPLEMENTAL DATA ***************************

...GULF WATER TEMPERATURE AT VENICE 80 DEGREES
