000
CDUS43 KEAX 232124
CLISTJ


CLIMATE REPORT
NATIONAL WEATHER SERVICE KANSAS CITY/PLEASANT HILL MO
423 PM CDT WED MAY 23 2018


...................................

...THE ST. JOSEPH MO CLIMATE SUMMARY FOR MAY 23 2018...
VALID AS OF 0400 PM LOCAL TIME.

CLIMATE NORMAL PERIOD 1981 TO 2010
CLIMATE RECORD PERIOD 1892 TO 2018


WEATHER ITEM   OBSERVED TIME   RECORD YEAR NORMAL DEPARTURE LAST
                VALUE   (LST)  VALUE       VALUE  FROM      YEAR
                                                  NORMAL
..................................................................
TEMPERATURE (F)
 TODAY
  MAXIMUM         92R   147 PM  92    1967  78     14       66
  MINIMUM         61    453 AM  37    1963  56      5       49
  AVERAGE         77                        67     10       58

PRECIPITATION (IN)
  TODAY            0.00          2.07 1995   0.19  -0.19      T
  MONTH TO DATE    1.69                      4.09  -2.40     3.45
  SINCE MAR 1      2.60                     10.13  -7.53    10.66
  SINCE JAN 1      4.06                     11.62  -7.56    11.68

DEGREE DAYS
 HEATING
  TODAY            0                         2     -2        7
  MONTH TO DATE    0                       101   -101      105
  SINCE MAR 1   1272                      1131    141      952
  SINCE JUL 1   5143                      5439   -296     4249

 COOLING
  TODAY           12                         4      8        0
  MONTH TO DATE  159                        52    107       76
  SINCE MAR 1    166                        73     93       94
  SINCE JAN 1    166                        73     93       94
..................................................................


WIND (MPH)
  HIGHEST WIND SPEED    18   HIGHEST WIND DIRECTION     S (160)
  HIGHEST GUST SPEED    23   HIGHEST GUST DIRECTION     S (170)
  AVERAGE WIND SPEED     5.8


SKY COVER
  AVERAGE SKY COVER 0.1


WEATHER CONDITIONS
 THE FOLLOWING WEATHER WAS RECORDED TODAY.
  NO SIGNIFICANT WEATHER WAS OBSERVED.


RELATIVE HUMIDITY (PERCENT)
 HIGHEST   100           500 AM
 LOWEST     44          1200 PM
 AVERAGE    72

..........................................................


THE ST. JOSEPH MO CLIMATE NORMALS FOR TOMORROW
                         NORMAL    RECORD    YEAR
 MAXIMUM TEMPERATURE (F)   78        97      1967
 MINIMUM TEMPERATURE (F)   56        38      1924


SUNRISE AND SUNSET
MAY 23 2018...........SUNRISE   559 AM CDT   SUNSET   835 PM CDT
MAY 24 2018...........SUNRISE   558 AM CDT   SUNSET   836 PM CDT


-  INDICATES NEGATIVE NUMBERS.
R  INDICATES RECORD WAS SET OR TIED.
MM INDICATES DATA IS MISSING.
T  INDICATES TRACE AMOUNT.




$$
