000
CDUS44 KBMX 200735
CLITOI


CLIMATE REPORT
NATIONAL WEATHER SERVICE BIRMINGHAM, AL
235 AM CDT FRI APR 20 2018


...................................

...THE TROY CLIMATE SUMMARY FOR APRIL 19 2018...

CLIMATE NORMAL PERIOD 1981 TO 2010
CLIMATE RECORD PERIOD 9999 TO 9999


WEATHER ITEM   OBSERVED TIME   RECORD YEAR NORMAL DEPARTURE LAST
                VALUE   (LST)  VALUE       VALUE  FROM      YEAR
                                                  NORMAL
..................................................................
TEMPERATURE (F)
 YESTERDAY
  MAXIMUM         75    247 PM  MM      MM  77     -2       87
  MINIMUM         49   1159 PM  MM      MM  51     -2       55
  AVERAGE         62                        64     -2       71

PRECIPITATION (IN)
  YESTERDAY        0.00                      0.14  -0.14      T
  MONTH TO DATE    1.98                      2.93  -0.95     1.54
  SINCE MAR 1      4.89                      8.96  -4.07     4.03
  SINCE JAN 1     10.15                     18.09  -7.94    22.66

SNOWFALL (IN)
  YESTERDAY        0.0                      MM     MM        0.0
  MONTH TO DATE    0.0                      MM     MM        0.0
  SINCE MAR 1      0.0                      MM     MM        0.0
  SINCE JUL 1      T                        MM     MM        0.0
  SNOW DEPTH       0

DEGREE DAYS
 HEATING
  YESTERDAY        3                         3      0        0
  MONTH TO DATE  101                        89     12       39
  SINCE MAR 1    394                       371     23      256
  SINCE JUL 1   2049                      2290   -241     1417

 COOLING
  YESTERDAY        0                         2     -2        6
  MONTH TO DATE   22                        29     -7       53
  SINCE MAR 1     50                        43      7      105
  SINCE JAN 1    108                        48     60      127
..................................................................


WIND (MPH)
  HIGHEST WIND SPEED    20   HIGHEST WIND DIRECTION    NW (330)
  HIGHEST GUST SPEED    26   HIGHEST GUST DIRECTION    NW (330)
  AVERAGE WIND SPEED     8.9


SKY COVER
  AVERAGE SKY COVER 0.2


WEATHER CONDITIONS
 THE FOLLOWING WEATHER WAS RECORDED YESTERDAY.
  NO SIGNIFICANT WEATHER WAS OBSERVED.


RELATIVE HUMIDITY (PERCENT)
 HIGHEST   100           200 AM
 LOWEST     29           200 PM
 AVERAGE    65

..........................................................


THE TROY CLIMATE NORMALS FOR TODAY
                         NORMAL    RECORD    YEAR
 MAXIMUM TEMPERATURE (F)   78        MM        MM
 MINIMUM TEMPERATURE (F)   51        MM        MM


SUNRISE AND SUNSET
APRIL 20 2018.........SUNRISE   610 AM CDT   SUNSET   717 PM CDT
APRIL 21 2018.........SUNRISE   609 AM CDT   SUNSET   717 PM CDT


-  INDICATES NEGATIVE NUMBERS.
R  INDICATES RECORD WAS SET OR TIED.
MM INDICATES DATA IS MISSING.
T  INDICATES TRACE AMOUNT.




$$
