507
CDUS42 KTBW 230837
CLITPA


CLIMATE REPORT
NATIONAL WEATHER SERVICE TAMPA BAY FL
429 AM EDT MON APR 23 2018


...................................

...THE TAMPA CLIMATE SUMMARY FOR APRIL 22 2018...

CLIMATE NORMAL PERIOD 1981 TO 2010
CLIMATE RECORD PERIOD 1890 TO 2018


WEATHER ITEM   OBSERVED TIME   RECORD YEAR NORMAL DEPARTURE LAST
                VALUE   (LST)  VALUE       VALUE  FROM      YEAR
                                                  NORMAL
..................................................................
TEMPERATURE (F)
 YESTERDAY
  MAXIMUM         90    354 PM  91    1970  82      8       86
  MINIMUM         72   1132 PM  49    1993  64      8       69
                                      1953
                                      1950
  AVERAGE         81                        73      8       78

PRECIPITATION (IN)
  YESTERDAY        0.00          1.07 1958   0.06  -0.06     0.00
  MONTH TO DATE    2.16                      1.56   0.60     0.59
  SINCE MAR 1      2.51                      4.59  -2.08     1.58
  SINCE JAN 1     10.22                      9.63   0.59     4.54

DEGREE DAYS
 HEATING
  YESTERDAY        0                         0      0        0
  MONTH TO DATE    0                         9     -9        0
  SINCE MAR 1     67                        65      2       28
  SINCE JUL 1    338                       536   -198      164

 COOLING
  YESTERDAY       16                         8      8       13
  MONTH TO DATE  214                       146     68      246
  SINCE MAR 1    322                       272     50      437
  SINCE JAN 1    639                       385    254      690
..................................................................


WIND (MPH)
  RESULTANT WIND SPEED   7   RESULTANT WIND DIRECTION   E (110)
  HIGHEST WIND SPEED    21   HIGHEST WIND DIRECTION     S (180)
  HIGHEST GUST SPEED    26   HIGHEST GUST DIRECTION    SE (150)
  AVERAGE WIND SPEED     8.0


SKY COVER
  POSSIBLE SUNSHINE  MM
  AVERAGE SKY COVER 0.8


WEATHER CONDITIONS
 THE FOLLOWING WEATHER WAS RECORDED YESTERDAY.
  THUNDERSTORM


RELATIVE HUMIDITY (PERCENT)
 HIGHEST    84          1100 PM
 LOWEST     41           400 PM
 AVERAGE    63

..........................................................


THE TAMPA CLIMATE NORMALS FOR TODAY
                         NORMAL    RECORD    YEAR
 MAXIMUM TEMPERATURE (F)   82        91      1964
 MINIMUM TEMPERATURE (F)   64        45      1993


SUNRISE AND SUNSET
APRIL 23 2018.........SUNRISE   657 AM EDT   SUNSET   800 PM EDT
APRIL 24 2018.........SUNRISE   656 AM EDT   SUNSET   800 PM EDT


-  INDICATES NEGATIVE NUMBERS.
R  INDICATES RECORD WAS SET OR TIED.
MM INDICATES DATA IS MISSING.
T  INDICATES TRACE AMOUNT.




$$


&&
------------------------------------------------------------------
******************** SUPPLEMENTAL DATA ***************************

...RUSKIN                HIGH 89    LOW 70    PCPN 0.01
...SARASOTA/BRADENTON    HIGH 87    LOW 70    PCPN 0.00
...ST. PETERSBURG        HIGH 87    LOW 73    PCPN TRACE
...GULF WATER TEMPERATURE AT CLEARWATER BEACH 76 DEGREES
