670
CDUS45 KLKN 220926
CLITPH


CLIMATE REPORT
NATIONAL WEATHER SERVICE ELKO NV
226 AM PDT SUN APR 22 2018


...................................

...THE TONOPAH AIRPORT NV CLIMATE SUMMARY FOR APRIL 21 2018...

CLIMATE NORMAL PERIOD 1981 TO 2010
CLIMATE RECORD PERIOD 1954 TO 2018


WEATHER ITEM   OBSERVED TIME   RECORD YEAR NORMAL DEPARTURE LAST
                VALUE   (LST)  VALUE       VALUE  FROM      YEAR
                                                  NORMAL
..................................................................
TEMPERATURE (F)
 YESTERDAY
  MAXIMUM         75    308 PM  83    2012  66      9       69
  MINIMUM         33    457 AM  21    1982  36     -3       35
  AVERAGE         54                        51      3       52

PRECIPITATION (IN)
  YESTERDAY        0.00          0.07 1983   0.01  -0.01     0.00
  MONTH TO DATE    T                         0.30  -0.30     0.17
  SINCE OCT 1      0.73                      2.97  -2.24     1.99
  SINCE JAN 1      0.72                      1.88  -1.16     1.46

DEGREE DAYS
 HEATING
  YESTERDAY       11                        14     -3       13
  MONTH TO DATE  283                       353    -70      307
  SINCE MAR 1   1007                      1038    -31      838
  SINCE JUL 1   4587                      5080   -493     4703

 COOLING
  YESTERDAY        0                         0      0        0
  MONTH TO DATE    0                         0      0        0
  SINCE MAR 1      0                         0      0        0
  SINCE JAN 1      0                         0      0        0
..................................................................


WIND (MPH)
  HIGHEST WIND SPEED    15   HIGHEST WIND DIRECTION     N (360)
  HIGHEST GUST SPEED    16   HIGHEST GUST DIRECTION     N (360)
  AVERAGE WIND SPEED     6.9



WEATHER CONDITIONS
 THE FOLLOWING WEATHER WAS RECORDED YESTERDAY.
  NO SIGNIFICANT WEATHER WAS OBSERVED.


RELATIVE HUMIDITY (PERCENT)
 HIGHEST    64           500 AM
 LOWEST     12          1200 PM
 AVERAGE    38

..........................................................


THE TONOPAH AIRPORT NV CLIMATE NORMALS FOR TODAY
                         NORMAL    RECORD    YEAR
 MAXIMUM TEMPERATURE (F)   66        86      2012
 MINIMUM TEMPERATURE (F)   36        19      1963


SUNRISE AND SUNSET
APRIL 22 2018.........SUNRISE   603 AM PDT   SUNSET   731 PM PDT
APRIL 23 2018.........SUNRISE   602 AM PDT   SUNSET   732 PM PDT


-  INDICATES NEGATIVE NUMBERS.
R  INDICATES RECORD WAS SET OR TIED.
MM INDICATES DATA IS MISSING.
T  INDICATES TRACE AMOUNT.




$$
