335
CDUS46 KPQR 262325
CLITTD


CLIMATE REPORT
NATIONAL WEATHER SERVICE PORTLAND OREGON
424 PM PDT THU APR 26 2018


...................................

...THE TROUTDALE OR CLIMATE SUMMARY FOR APRIL 26 2018...
VALID TODAY AS OF 0400 PM LOCAL TIME.

CLIMATE NORMAL PERIOD 1981 TO 2010
CLIMATE RECORD PERIOD 1948 TO 2018


WEATHER ITEM   OBSERVED TIME   RECORD YEAR NORMAL DEPARTURE LAST
                VALUE   (LST)  VALUE       VALUE  FROM      YEAR
                                                  NORMAL
..................................................................
TEMPERATURE (F)
 TODAY
  MAXIMUM         84    223 PM  89    1987  64     20       59
  MINIMUM         63    549 AM  32    1948  42     21       45
  AVERAGE         74                        53     21       52

PRECIPITATION (IN)
  TODAY            0.00                      0.12  -0.12     0.46
  MONTH TO DATE    3.73                      3.39   0.34     4.85
  SINCE OCT 1     27.95                     37.70  -9.75    43.70
  SINCE JAN 1     13.61                     19.30  -5.69    22.61

DEGREE DAYS
 HEATING
  TODAY            0                        12    -12       13
  MONTH TO DATE  304                       360    -56      335

 COOLING
  TODAY            9                         0      9        0
  MONTH TO DATE   16                         0     16        0
..................................................................


WIND (MPH)
  HIGHEST WIND SPEED    25   HIGHEST WIND DIRECTION     E (100)
  HIGHEST GUST SPEED    32   HIGHEST GUST DIRECTION     E (90)
  AVERAGE WIND SPEED    15.9


SKY COVER
  POSSIBLE SUNSHINE  MM
  AVERAGE SKY COVER 0.0


WEATHER CONDITIONS
 THE FOLLOWING WEATHER WAS RECORDED TODAY.
  NO SIGNIFICANT WEATHER WAS OBSERVED.


RELATIVE HUMIDITY (PERCENT)
 HIGHEST    43           500 AM
 LOWEST     24           200 PM
 AVERAGE    34

..........................................................


THE TROUTDALE OR CLIMATE NORMALS FOR TOMORROW
                         NORMAL    RECORD    YEAR
 MAXIMUM TEMPERATURE (F)   64        84      1987
 MINIMUM TEMPERATURE (F)   42        31      1948


SUNRISE AND SUNSET
APRIL 26 2018.........SUNRISE   605 AM PDT   SUNSET   810 PM PDT
APRIL 27 2018.........SUNRISE   604 AM PDT   SUNSET   812 PM PDT


-  INDICATES NEGATIVE NUMBERS.
R  INDICATES RECORD WAS SET OR TIED.
MM INDICATES DATA IS MISSING.
T  INDICATES TRACE AMOUNT.




$$
