000
CDUS44 KMEG 220637
CLITUP


CLIMATE REPORT
NATIONAL WEATHER SERVICE MEMPHIS TN
136 AM CDT SUN APR 22 2018


...................................

...THE TUPELO CLIMATE SUMMARY FOR APRIL 21 2018...

CLIMATE NORMAL PERIOD 1981 TO 2010
CLIMATE RECORD PERIOD 1930 TO 2018


WEATHER ITEM   OBSERVED TIME   RECORD YEAR NORMAL DEPARTURE LAST
                VALUE   (LST)  VALUE       VALUE  FROM      YEAR
                                                  NORMAL
..................................................................
TEMPERATURE (F)
 YESTERDAY
  MAXIMUM         77    347 PM  93    1987  76      1       85
  MINIMUM         44    505 AM  31    1983  52     -8       64
  AVERAGE         61                        64     -3       75

PRECIPITATION (IN)
  YESTERDAY        0.00          1.88 1996   0.16  -0.16     0.06
  MONTH TO DATE    4.68                      3.24   1.44     3.89
  SINCE MAR 1      8.57                      8.06   0.51     8.00
  SINCE JAN 1     24.92                     17.50   7.42    16.47

SNOWFALL (IN)
  YESTERDAY        0.0          MM      MM   0.0    0.0      0.0
  MONTH TO DATE    0.0                       0.0    0.0      0.0
  SINCE MAR 1      0.0                       0.3   -0.3       T
  SINCE JUL 1      0.8                       2.1   -1.3       T
  SNOW DEPTH       0

DEGREE DAYS
 HEATING
  YESTERDAY        4                         4      0        0
  MONTH TO DATE  198                       121     77       31
  SINCE MAR 1    543                       476     67      321
  SINCE JUL 1   2867                      2907    -40     1939

 COOLING
  YESTERDAY        0                         2     -2       10
  MONTH TO DATE   10                        33    -23       77
  SINCE MAR 1     20                        47    -27      111
  SINCE JAN 1     40                        49     -9      123
..................................................................


WIND (MPH)
  HIGHEST WIND SPEED    17   HIGHEST WIND DIRECTION    SE (150)
  HIGHEST GUST SPEED    33   HIGHEST GUST DIRECTION    SE (140)
  AVERAGE WIND SPEED     7.9


SKY COVER
  POSSIBLE SUNSHINE  MM
  AVERAGE SKY COVER 0.2


WEATHER CONDITIONS
 THE FOLLOWING WEATHER WAS RECORDED YESTERDAY.
  NO SIGNIFICANT WEATHER WAS OBSERVED.


RELATIVE HUMIDITY (PERCENT)
 HIGHEST    76           100 AM
 LOWEST     31          1100 AM
 AVERAGE    54

..........................................................


THE TUPELO CLIMATE NORMALS FOR TODAY
                         NORMAL    RECORD    YEAR
 MAXIMUM TEMPERATURE (F)   76        88      1989
                                             1980
                                             1963
 MINIMUM TEMPERATURE (F)   52        32      1978


SUNRISE AND SUNSET
APRIL 22 2018.........SUNRISE   615 AM CDT   SUNSET   732 PM CDT
APRIL 23 2018.........SUNRISE   614 AM CDT   SUNSET   733 PM CDT


-  INDICATES NEGATIVE NUMBERS.
R  INDICATES RECORD WAS SET OR TIED.
MM INDICATES DATA IS MISSING.
T  INDICATES TRACE AMOUNT.




$$
