000
CDUS43 KAPX 270539
CLITVC


CLIMATE REPORT
NATIONAL WEATHER SERVICE GAYLORD MI
138 AM EDT FRI APR 27 2018


...................................

...THE TRAVERSE CITY MI CLIMATE SUMMARY FOR APRIL 26 2018...

CLIMATE NORMAL PERIOD 1981 TO 2010
CLIMATE RECORD PERIOD 1896 TO 2018


WEATHER ITEM   OBSERVED TIME   RECORD YEAR NORMAL DEPARTURE LAST
                VALUE   (LST)  VALUE       VALUE  FROM      YEAR
                                                  NORMAL
..................................................................
TEMPERATURE (F)
 YESTERDAY
  MAXIMUM         63    541 PM  87    1990  59      4       78
  MINIMUM         27    550 AM  22    1907  35     -8       53
  AVERAGE         45                        47     -2       66

PRECIPITATION (IN)
  YESTERDAY        0.00          1.29 1949   0.09  -0.09     0.00
  MONTH TO DATE    3.13                      2.44   0.69     2.34
  SINCE MAR 1      3.93                      4.30  -0.37     4.07
  SINCE JAN 1      6.34                      8.62  -2.28     7.40

DEGREE DAYS
 HEATING
  YESTERDAY       20                        18      2        0
  MONTH TO DATE  808                       596    212      425
  SINCE MAR 1   1871                      1658    213     1458
  SINCE JUL 1   6774                      6998   -224     5631

 COOLING
  YESTERDAY        0                         0      0        1
  MONTH TO DATE    0                         0      0        3
  SINCE MAR 1      0                         0      0        3
  SINCE JAN 1      0                         0      0        3
..................................................................


WIND (MPH)
  HIGHEST WIND SPEED    21   HIGHEST WIND DIRECTION     W (260)
  HIGHEST GUST SPEED    24   HIGHEST GUST DIRECTION     W (270)
  AVERAGE WIND SPEED     5.6




RELATIVE HUMIDITY (PERCENT)
 HIGHEST    92
 LOWEST     23
 AVERAGE    58

..........................................................


THE TRAVERSE CITY MI CLIMATE NORMALS FOR TODAY
                         NORMAL    RECORD    YEAR
 MAXIMUM TEMPERATURE (F)   59        88      1986
 MINIMUM TEMPERATURE (F)   36        22      1909


SUNRISE AND SUNSET
APRIL 27 2018.........SUNRISE   638 AM EDT   SUNSET   842 PM EDT
APRIL 28 2018.........SUNRISE   637 AM EDT   SUNSET   844 PM EDT


-  INDICATES NEGATIVE NUMBERS.
R  INDICATES RECORD WAS SET OR TIED.
MM INDICATES DATA IS MISSING.
T  INDICATES TRACE AMOUNT.




$$
