000
CDUS44 KSHV 272135
CLITYR


CLIMATE REPORT
NATIONAL WEATHER SERVICE SHREVEPORT, LA
434 PM CDT SUN MAY 27 2018


...................................

...THE TYLER CLIMATE SUMMARY FOR MAY 27 2018...
VALID TODAY AS OF 0400 PM LOCAL TIME.

CLIMATE NORMAL PERIOD 1981 TO 2010
CLIMATE RECORD PERIOD 1896 TO 2018


WEATHER ITEM   OBSERVED TIME   RECORD YEAR NORMAL DEPARTURE LAST
                VALUE   (LST)  VALUE       VALUE  FROM      YEAR
                                                  NORMAL
..................................................................
TEMPERATURE (F)
 TODAY
  MAXIMUM         95    254 PM  98    1896  85     10       90
  MINIMUM         71    514 AM  42    1961  67      4       77
  AVERAGE         83                        76      7       84

PRECIPITATION (IN)
  TODAY            0.00          1.63 1944   0.18  -0.18     0.00
  MONTH TO DATE    0.92                      4.04  -3.12     3.87
  SINCE DEC 1     21.94                     22.44  -0.50    18.99
  SINCE JAN 1     16.65                     18.20  -1.55    16.34

DEGREE DAYS
 HEATING
  TODAY            0                         0      0        0
  MONTH TO DATE    0                         6     -6        7
  SINCE MAR 1    268                       376   -108      173
  SINCE JUL 1   2070                      2268   -198     1256

 COOLING
  TODAY           18                        11      7       19
  MONTH TO DATE  352                       212    140      184
  SINCE MAR 1    462                       312    150      430
  SINCE JAN 1    489                       324    165      504
..................................................................


WIND (MPH)
  HIGHEST WIND SPEED    16   HIGHEST WIND DIRECTION     E (80)
  HIGHEST GUST SPEED    20   HIGHEST GUST DIRECTION     E (90)
  AVERAGE WIND SPEED     5.1


SKY COVER
  POSSIBLE SUNSHINE  MM
  AVERAGE SKY COVER 0.1


WEATHER CONDITIONS
 THE FOLLOWING WEATHER WAS RECORDED TODAY.
  NO SIGNIFICANT WEATHER WAS OBSERVED.


RELATIVE HUMIDITY (PERCENT)
 HIGHEST    84           400 AM
 LOWEST     39           300 PM
 AVERAGE    62

..........................................................


THE TYLER CLIMATE NORMALS FOR TOMORROW
                         NORMAL    RECORD    YEAR
 MAXIMUM TEMPERATURE (F)   85        99      2011
                                             1926
 MINIMUM TEMPERATURE (F)   67        43      1961


SUNRISE AND SUNSET
MAY 27 2018...........SUNRISE   617 AM CDT   SUNSET   821 PM CDT
MAY 28 2018...........SUNRISE   617 AM CDT   SUNSET   821 PM CDT


-  INDICATES NEGATIVE NUMBERS.
R  INDICATES RECORD WAS SET OR TIED.
MM INDICATES DATA IS MISSING.
T  INDICATES TRACE AMOUNT.




$$
