000
CDUS46 KEKA 230023
CLIUKI


CLIMATE REPORT
NATIONAL WEATHER SERVICE EUREKA CA
521 PM PDT TUE MAY 22 2018


...................................

...THE UKIAH CA CLIMATE SUMMARY FOR MAY 22 2018...
VALID TODAY AS OF 0500 PM LOCAL TIME.

CLIMATE NORMAL PERIOD 1981 TO 2010
CLIMATE RECORD PERIOD 1903 TO 2018


WEATHER ITEM   OBSERVED RECORD YEAR NORMAL DEPARTURE LAST
                VALUE   VALUE       VALUE  FROM      YEAR
                                           NORMAL
...........................................................
TEMPERATURE (F)
 TODAY
  MAXIMUM         85     97    2017  78      7       97
  MINIMUM         51     33    1909  48      3       53
  AVERAGE         68                 63      5       75

PRECIPITATION (IN)
  TODAY            0.00   1.24 1990   0.03  -0.03     0.00
  MONTH TO DATE    0.00               1.19  -1.19     0.01
  SINCE OCT 1     23.60              36.19 -12.59    51.58
  SINCE JAN 1     18.02              22.81  -4.79    34.47

SNOWFALL (IN)
  TODAY            0.0   MM          MM     MM        0.0
  MONTH TO DATE    0.0               MM     MM        0.0
  SINCE MAR 1      0.0               MM     MM        0.0
  SINCE JUL 1      0.0               MM     MM        0.0
  SNOW DEPTH       0

...........................................................


WIND (MPH)
  HIGHEST WIND SPEED    14   HIGHEST WIND DIRECTION    SE (120)
  HIGHEST GUST SPEED    17   HIGHEST GUST DIRECTION    SE (130)
  AVERAGE WIND SPEED     3.5


SKY COVER
  AVERAGE SKY COVER 0.0


WEATHER CONDITIONS
 THE FOLLOWING WEATHER WAS RECORDED TODAY.
  NO SIGNIFICANT WEATHER WAS OBSERVED.


RELATIVE HUMIDITY (PERCENT)
 HIGHEST    89
 LOWEST     34
 AVERAGE    62

..........................................................


THE UKIAH CA CLIMATE NORMALS FOR TOMORROW
                         NORMAL    RECORD    YEAR
 MAXIMUM TEMPERATURE (F)   79       100      1943
 MINIMUM TEMPERATURE (F)   48        35      2010
                                             1909


SUNRISE AND SUNSET
MAY 22 2018...........SUNRISE   554 AM PDT   SUNSET   825 PM PDT
MAY 23 2018...........SUNRISE   553 AM PDT   SUNSET   826 PM PDT


-  INDICATES NEGATIVE NUMBERS.
R  INDICATES RECORD WAS SET OR TIED.
MM INDICATES DATA IS MISSING.
T  INDICATES TRACE AMOUNT.




$$
