000
CDUS43 KUNR 200831
CLIUNR


CLIMATE REPORT
NATIONAL WEATHER SERVICE RAPID CITY SD
231 AM MDT FRI APR 20 2018


...................................

...THE EAST RAPID CITY SD CLIMATE SUMMARY FOR APRIL 19 2018...

CLIMATE NORMAL PERIOD 1981 TO 2010
CLIMATE RECORD PERIOD 1888 TO 2018


WEATHER ITEM   OBSERVED RECORD YEAR NORMAL DEPARTURE LAST
                VALUE   VALUE       VALUE  FROM      YEAR
                                           NORMAL
...........................................................
TEMPERATURE (F)
 YESTERDAY
  MAXIMUM         58     85    1936  57      1       50
  MINIMUM         30     18    1966  35     -5       42
  AVERAGE         44                 46     -2       46

PRECIPITATION (IN)
  YESTERDAY        0.00   1.63 1891   0.08  -0.08     0.27
  MONTH TO DATE    1.45               1.15   0.30     1.23
  SINCE MAR 1      2.98               2.14   0.84     2.03
  SINCE JAN 1      4.17               2.91   1.26     2.82

SNOWFALL (IN)
  YESTERDAY        0.0   13.0  1959   0.2   -0.2      0.0
  MONTH TO DATE   18.8                6.4   12.4      1.4
  SINCE MAR 1     34.3               18.2   16.1      2.7
  SINCE JUL 1     66.4               44.9   21.5     35.9
  SNOW DEPTH       0

DEGREE DAYS
 HEATING
  YESTERDAY       21                 19      2       19
  MONTH TO DATE  610                420    190      311
  SINCE MAR 1   1558               1328    230     1080
  SINCE JUL 1   6660               6282    378     5676

 COOLING
  YESTERDAY        0                  0      0        0
  MONTH TO DATE    0                  0      0        0
  SINCE MAR 1      0                  0      0        0
  SINCE JAN 1      0                  0      0        0
...........................................................


WIND (MPH)
  HIGHEST GUST SPEED    33   HIGHEST GUST DIRECTION    SE (150)



WEATHER CONDITIONS
 THE FOLLOWING WEATHER WAS RECORDED YESTERDAY.
  NO SIGNIFICANT WEATHER WAS OBSERVED.


..........................................................


THE EAST RAPID CITY SD CLIMATE NORMALS FOR TODAY
                         NORMAL    RECORD    YEAR
 MAXIMUM TEMPERATURE (F)   57        88      1910
 MINIMUM TEMPERATURE (F)   36        11      1927


SUNRISE AND SUNSET
APRIL 20 2018.........SUNRISE   601 AM MDT   SUNSET   743 PM MDT
APRIL 21 2018.........SUNRISE   600 AM MDT   SUNSET   744 PM MDT


-  INDICATES NEGATIVE NUMBERS.
R  INDICATES RECORD WAS SET OR TIED.
MM INDICATES DATA IS MISSING.
T  INDICATES TRACE AMOUNT.




$$
