000
CDUS42 KTAE 280632
CLIVLD


CLIMATE REPORT
NATIONAL WEATHER SERVICE TALLAHASSEE FL
231 AM EDT MON MAY 28 2018


...................................

...THE VALDOSTA CLIMATE SUMMARY FOR MAY 27 2018...

CLIMATE NORMAL PERIOD 1981 TO 2010
CLIMATE RECORD PERIOD 1948 TO 2018


WEATHER ITEM   OBSERVED TIME   NORMAL DEPARTURE LAST
                VALUE   (LST)  VALUE  FROM      YEAR
                                      NORMAL
......................................................
TEMPERATURE (F)
 YESTERDAY
  MAXIMUM         76   1130 AM  88    -12       90
  MINIMUM         71    955 AM  65      6       57
  AVERAGE         74            76     -2       74

PRECIPITATION (IN)
  YESTERDAY        0.93          0.11   0.82     0.00
  MONTH TO DATE    5.97          1.91   4.06     1.83
  SINCE MAR 1     13.03          9.65   3.38     4.97
  SINCE JAN 1     18.90         18.38   0.52    15.28

SNOWFALL (IN)
  YESTERDAY        0.0
  MONTH TO DATE    0.0
  SINCE MAR 1      0.0
  SINCE JUL 1      0.6

DEGREE DAYS
 COOLING
  YESTERDAY        9            11     -2        9
  MONTH TO DATE  255           230     25      215
  SINCE MAR 1    339           355    -16      432
  SINCE JAN 1    422           365     57      478
......................................................


WIND (MPH)
  HIGHEST WIND SPEED    15   HIGHEST WIND DIRECTION    NE (60)
  HIGHEST GUST SPEED    25   HIGHEST GUST DIRECTION     E (70)
  AVERAGE WIND SPEED     7.5




RELATIVE HUMIDITY (PERCENT)
 HIGHEST   100
 LOWEST     93
 AVERAGE    97

..........................................................




SUNRISE AND SUNSET
MAY 28 2018...........SUNRISE   632 AM EDT   SUNSET   829 PM EDT
MAY 29 2018...........SUNRISE   632 AM EDT   SUNSET   830 PM EDT


-  INDICATES NEGATIVE NUMBERS.
R  INDICATES RECORD WAS SET OR TIED.
MM INDICATES DATA IS MISSING.
T  INDICATES TRACE AMOUNT.




$$
