000
CDUS42 KMLB 220627
CLIVRB


CLIMATE REPORT
NATIONAL WEATHER SERVICE MELBOURNE FL
226 AM EDT TUE MAY 22 2018


...................................

...THE VERO BEACH CLIMATE SUMMARY FOR MAY 21 2018...

CLIMATE NORMAL PERIOD 1981 TO 2010
CLIMATE RECORD PERIOD 1942 TO 2018


WEATHER ITEM   OBSERVED TIME   RECORD YEAR NORMAL DEPARTURE LAST
                VALUE   (LST)  VALUE       VALUE  FROM      YEAR
                                                  NORMAL
..................................................................
TEMPERATURE (F)
 YESTERDAY
  MAXIMUM         80   1236 PM  95    2015  86     -6       87
                                      1962
  MINIMUM         72    706 AM  60    1994  69      3       71
                                      1973
                                      1972
  AVERAGE         76                        77     -1       79

PRECIPITATION (IN)
  YESTERDAY        0.09          1.20 1946   0.12  -0.03      T
  MONTH TO DATE    6.21                      1.91   4.30     3.28
  SINCE MAR 1     11.08                      8.75   2.33     7.79
  SINCE JAN 1     14.29                     13.92   0.37     9.75

SNOWFALL (IN)
  YESTERDAY        0.0
  MONTH TO DATE    0.0
  SINCE JUL 1      0.0

DEGREE DAYS
 HEATING
  YESTERDAY        0                         0      0        0
  MONTH TO DATE    0                         0      0        0
  SINCE MAR 1     98                        70     28       42
  SINCE JUL 1    365                       455    -90      185

 COOLING
  YESTERDAY       11                        12     -1       14
  MONTH TO DATE  234                       216     18      256
  SINCE MAR 1    571                       535     36      713
  SINCE JAN 1    860                       674    186      914
..................................................................


WIND (MPH)
  HIGHEST WIND SPEED    18   HIGHEST WIND DIRECTION    SE (130)
  HIGHEST GUST SPEED    26   HIGHEST GUST DIRECTION    SE (130)
  AVERAGE WIND SPEED     9.5


SKY COVER
  AVERAGE SKY COVER 0.6


WEATHER CONDITIONS
 THE FOLLOWING WEATHER WAS RECORDED YESTERDAY.
  THUNDERSTORM
  RAIN
  LIGHT RAIN
  FOG
  HAZE


RELATIVE HUMIDITY (PERCENT)
 HIGHEST    94           900 AM
 LOWEST     79          1200 AM
 AVERAGE    87

..........................................................


THE VERO BEACH CLIMATE NORMALS FOR TODAY
                         NORMAL    RECORD    YEAR
 MAXIMUM TEMPERATURE (F)   86        94      1978
                                             1962
                                             1961
 MINIMUM TEMPERATURE (F)   69        56      1994


SUNRISE AND SUNSET
MAY 22 2018...........SUNRISE   629 AM EDT   SUNSET   808 PM EDT
MAY 23 2018...........SUNRISE   629 AM EDT   SUNSET   808 PM EDT


-  INDICATES NEGATIVE NUMBERS.
R  INDICATES RECORD WAS SET OR TIED.
MM INDICATES DATA IS MISSING.
T  INDICATES TRACE AMOUNT.




$$
