000
CDUS41 KBTV 210530
CLIVSF


CLIMATE REPORT
NATIONAL WEATHER SERVICE BURLINGTON VT
129 AM EDT SAT APR 21 2018


...................................

...THE SPRINGFIELD VT CLIMATE SUMMARY FOR APRIL 20 2018...

CLIMATE NORMAL PERIOD 1981 TO 2010
CLIMATE RECORD PERIOD 9999 TO 9999


WEATHER ITEM   OBSERVED TIME   NORMAL DEPARTURE LAST
                VALUE   (LST)  VALUE  FROM      YEAR
                                      NORMAL
......................................................
TEMPERATURE (F)
 YESTERDAY
  MAXIMUM         44    140 PM  58    -14       60
  MINIMUM         33    649 AM  34     -1       41
  AVERAGE         39            46     -7       51

PRECIPITATION (IN)
  YESTERDAY        0.00          0.10  -0.10      T
  MONTH TO DATE    2.42          2.61  -0.19     2.66
  SINCE MAR 1      4.49          5.91  -1.42     5.55
  SINCE JAN 1     10.23         11.52  -1.29     9.10

DEGREE DAYS
 HEATING
  YESTERDAY       26            19      7       14
  MONTH TO DATE  593           460    133      359
  SINCE MAR 1   1587          1495     92     1482
  SINCE JUL 1   6801          6940   -139     6359

 COOLING
  YESTERDAY        0             0      0        0
  MONTH TO DATE    0             0      0        0
  SINCE MAR 1      0             0      0        0
  SINCE JAN 1      0             0      0        0
......................................................


WIND (MPH)
  HIGHEST WIND SPEED    22   HIGHEST WIND DIRECTION     W (280)
  HIGHEST GUST SPEED    30   HIGHEST GUST DIRECTION    NW (310)
  AVERAGE WIND SPEED     8.4


SKY COVER
  AVERAGE SKY COVER 1.0


WEATHER CONDITIONS
 THE FOLLOWING WEATHER WAS RECORDED YESTERDAY.
  NO SIGNIFICANT WEATHER WAS OBSERVED.


RELATIVE HUMIDITY (PERCENT)
 HIGHEST    75           100 AM
 LOWEST     53           200 PM
 AVERAGE    64

..........................................................


THE SPRINGFIELD VT CLIMATE NORMALS FOR TODAY
                         NORMAL    RECORD    YEAR
 MAXIMUM TEMPERATURE (F)   59        76      2016
                                             2012
 MINIMUM TEMPERATURE (F)   35        27      2016
                                             2013


SUNRISE AND SUNSET
APRIL 21 2018.........SUNRISE   558 AM EDT   SUNSET   740 PM EDT
APRIL 22 2018.........SUNRISE   557 AM EDT   SUNSET   741 PM EDT


-  INDICATES NEGATIVE NUMBERS.
R  INDICATES RECORD WAS SET OR TIED.
MM INDICATES DATA IS MISSING.
T  INDICATES TRACE AMOUNT.




$$
