000
CDUS46 KPQR 240222
CLIVUO


CLIMATE REPORT
NATIONAL WEATHER SERVICE PORTLAND OREGON
721 PM PDT MON APR 23 2018


...................................

...THE VANCOUVER WA CLIMATE SUMMARY FOR APRIL 23 2018...
VALID TODAY AS OF 0700 PM LOCAL TIME.

CLIMATE NORMAL PERIOD 1981 TO 2010
CLIMATE RECORD PERIOD 1891 TO 2018


WEATHER ITEM   OBSERVED TIME   RECORD YEAR NORMAL DEPARTURE LAST
                VALUE   (LST)  VALUE       VALUE  FROM      YEAR
                                                  NORMAL
..................................................................
TEMPERATURE (F)
 TODAY
  MAXIMUM         73    427 PM  90    1910  63     10       56
  MINIMUM         38    531 AM  30    1992  43     -5       48
  AVERAGE         56                        53      3       52

PRECIPITATION (IN)
  TODAY            0.00                      0.10  -0.10     0.20
  MONTH TO DATE    3.15                      2.38   0.77     2.95
  SINCE OCT 1     27.63                     31.23  -3.60    44.55
  SINCE JAN 1     13.44                     15.48  -2.04    24.69

DEGREE DAYS
 HEATING
  TODAY            9                                        13
  MONTH TO DATE  320                                       309
  SINCE MAR 1    897                                       832
  SINCE JUL 1   3930                                      4132

 COOLING
  TODAY            0                                         0
  MONTH TO DATE    0                                         0
  SINCE MAR 1      0                                         0
  SINCE JAN 1      0                                         0
..................................................................


WIND (MPH)
  HIGHEST WIND SPEED    23   HIGHEST WIND DIRECTION     E (80)
  HIGHEST GUST SPEED    35   HIGHEST GUST DIRECTION     E (70)
  AVERAGE WIND SPEED     7.9


SKY COVER
  POSSIBLE SUNSHINE  MM
  AVERAGE SKY COVER 0.0


WEATHER CONDITIONS
 THE FOLLOWING WEATHER WAS RECORDED TODAY.
  NO SIGNIFICANT WEATHER WAS OBSERVED.


RELATIVE HUMIDITY (PERCENT)
 HIGHEST    85           400 AM
 LOWEST     16           400 PM
 AVERAGE    51

..........................................................


THE VANCOUVER WA CLIMATE NORMALS FOR TOMORROW
                         NORMAL    RECORD    YEAR
 MAXIMUM TEMPERATURE (F)   63        87      1910
 MINIMUM TEMPERATURE (F)   43        29      1986


SUNRISE AND SUNSET
APRIL 23 2018.........SUNRISE   611 AM PDT   SUNSET   808 PM PDT
APRIL 24 2018.........SUNRISE   609 AM PDT   SUNSET   809 PM PDT


-  INDICATES NEGATIVE NUMBERS.
R  INDICATES RECORD WAS SET OR TIED.
MM INDICATES DATA IS MISSING.
T  INDICATES TRACE AMOUNT.




$$
